-- Table structure for table `wp_wfNet404s`
--

CREATE TABLE `wp_wfNet404s` (
  `sig` binary(16) NOT NULL,
  `ctime` int(10) unsigned NOT NULL,
  `URI` varchar(1000) NOT NULL,
  PRIMARY KEY (`sig`),
  KEY `k1` (`ctime`)
) ENGINE=MyISAM DEFAULT CHARSET=utf8;

--
-- Dumping data for table `wp_wfNet404s`
--


--
-- Table structure for table `wp_wfReverseCache`
--

CREATE TABLE `wp_wfReverseCache` (
  `IP` binary(16) NOT NULL DEFAULT '\0\0\0\0\0\0\0\0\0\0\0\0\0\0\0\0',
  `host` varchar(255) NOT NULL,
  `lastUpdate` int(10) unsigned NOT NULL,
  PRIMARY KEY (`IP`)
) ENGINE=MyISAM DEFAULT CHARSET=latin1;

--
-- Dumping data for table `wp_wfReverseCache`
--

INSERT INTO `wp_wfReverseCache` VALUES (0x00000000000000000000FFFFD91DD79A,'217.29.215.154',1451645919);

--
-- Table structure for table `wp_wfScanners`
--

CREATE TABLE `wp_wfScanners` (
  `eMin` int(10) unsigned NOT NULL,
  `IP` binary(16) NOT NULL DEFAULT '\0\0\0\0\0\0\0\0\0\0\0\0\0\0\0\0',
  `hits` smallint(5) unsigned NOT NULL,
  PRIMARY KEY (`eMin`,`IP`)
) ENGINE=MyISAM DEFAULT CHARSET=latin1;

--
-- Dumping data for table `wp_wfScanners`
--


--
-- Table structure for table `wp_wfStatus`
--

CREATE TABLE `wp_wfStatus` (
  `id` bigint(20) unsigned NOT NULL AUTO_INCREMENT,
  `ctime` double(17,6) unsigned NOT NULL,
  `level` tinyint(3) unsigned NOT NULL,
  `type` char(5) NOT NULL,
  `msg` varchar(1000) NOT NULL,
  PRIMARY KEY (`id`),
  KEY `k1` (`ctime`),
  KEY `k2` (`type`)
) ENGINE=MyISAM AUTO_INCREMENT=48122 DEFAULT CHARSET=utf8;

--
-- Dumping data for table `wp_wfStatus`
--

INSERT INTO `wp_wfStatus` VALUES (47089,1451330424.089151,2,'info','Analyzed 3600 files containing 64.35 MB of data so far'),(47088,1451330423.901792,2,'info','Analyzed 3500 files containing 64.29 MB of data so far'),(47087,1451330423.640655,2,'info','Analyzed 3400 files containing 64.23 MB of data so far'),(47086,1451330423.129554,2,'info','Analyzed 3300 files containing 63.98 MB of data so far'),(48060,1451683085.316656,2,'info','Scanned contents of 515 additional files at 30.62 per second'),(48061,1451683086.334133,2,'info','Scanned contents of 575 additional files at 32.24 per second'),(48062,1451683087.430435,2,'info','Scanned contents of 594 additional files at 31.37 per second'),(47434,1451498499.500814,2,'info','Analyzed 1500 files containing 39.57 MB of data so far'),(47343,1451413918.985993,2,'info','Scanned contents of 668 additional files at 20.92 per second'),(47433,1451498499.105522,2,'info','Analyzed 1400 files containing 38.86 MB of data so far'),(47432,1451498498.460685,2,'info','Analyzed 1300 files containing 36.64 MB of data so far'),(47344,1451413920.090270,2,'info','Scanned contents of 680 additional files at 20.59 per second'),(47345,1451413921.172163,2,'info','Scanned contents of 690 additional files at 20.23 per second'),(47431,1451498497.114454,2,'info','Analyzed 1200 files containing 32.44 MB of data so far'),(47430,1451498496.628689,2,'info','Analyzed 1100 files containing 31.49 MB of data so far'),(47895,1451593035.149816,2,'info','Scanned contents of 718 additional files at 19.43 per second'),(47894,1451593034.036369,2,'info','Scanned contents of 715 additional files at 19.95 per second'),(47893,1451593032.982747,2,'info','Scanned contents of 709 additional files at 20.38 per second'),(47892,1451593031.887664,2,'info','Scanned contents of 704 additional files at 20.89 per second'),(47891,1451593030.824879,2,'info','Scanned contents of 695 additional files at 21.30 per second'),(47890,1451593029.686184,2,'info','Scanned contents of 687 additional files at 21.81 per second'),(47889,1451593027.049520,2,'info','Scanned contents of 686 additional files at 23.77 per second'),(47888,1451593025.973375,2,'info','Scanned contents of 678 additional files at 24.40 per second'),(47887,1451593024.960875,2,'info','Scanned contents of 666 additional files at 24.88 per second'),(47886,1451593023.931160,2,'info','Scanned contents of 656 additional files at 25.48 per second'),(47885,1451593022.921539,2,'info','Scanned contents of 650 additional files at 26.28 per second'),(47884,1451593021.908430,2,'info','Scanned contents of 638 additional files at 26.90 per second'),(47883,1451593020.898175,2,'info','Scanned contents of 624 additional files at 27.48 per second'),(47101,1451330431.168482,2,'info','Analyzed 4800 files containing 118.64 MB of data so far'),(47100,1451330430.479104,2,'info','Analyzed 4700 files containing 113.67 MB of data so far'),(47099,1451330430.060375,2,'info','Analyzed 4600 files containing 112.44 MB of data so far'),(47098,1451330429.696587,2,'info','Analyzed 4500 files containing 111.31 MB of data so far'),(47097,1451330428.836901,2,'info','Analyzed 4400 files containing 107.97 MB of data so far'),(47096,1451330428.194961,2,'info','Analyzed 4300 files containing 106.16 MB of data so far'),(47095,1451330427.653657,2,'info','Analyzed 4200 files containing 101.96 MB of data so far'),(47094,1451330427.134778,2,'info','Analyzed 4100 files containing 98.61 MB of data so far'),(47093,1451330426.635463,2,'info','Analyzed 4000 files containing 97.82 MB of data so far'),(47284,1451413853.226483,2,'info','Analyzed 4800 files containing 118.76 MB of data so far'),(47285,1451413859.493754,2,'info','Analyzed 4900 files containing 125.65 MB of data so far'),(47090,1451330424.352673,2,'info','Analyzed 3700 files containing 64.41 MB of data so far'),(47091,1451330425.642586,2,'info','Analyzed 3800 files containing 93.45 MB of data so far'),(47092,1451330426.133200,2,'info','Analyzed 3900 files containing 96.51 MB of data so far'),(47078,1451330418.584789,2,'info','Analyzed 2500 files containing 52.97 MB of data so far'),(47079,1451330419.151573,2,'info','Analyzed 2600 files containing 54.18 MB of data so far'),(47080,1451330419.757207,2,'info','Analyzed 2700 files containing 56.04 MB of data so far'),(47081,1451330420.075995,2,'info','Analyzed 2800 files containing 56.61 MB of data so far'),(47082,1451330420.513735,2,'info','Analyzed 2900 files containing 57.31 MB of data so far'),(47083,1451330421.229346,2,'info','Analyzed 3000 files containing 59.24 MB of data so far'),(47084,1451330421.793279,2,'info','Analyzed 3100 files containing 59.78 MB of data so far'),(47085,1451330422.275669,2,'info','Analyzed 3200 files containing 61.5 MB of data so far'),(47216,1451330529.104456,2,'info','Wordfence used 58.06MB of memory for scan. Server peak memory usage was: 106.59MB'),(47768,1451592924.938725,10,'info','SUM_ENDOK:Scanning your site for the HeartBleed vulnerability'),(47213,1451330529.088412,1,'info','-------------------'),(47214,1451330529.088753,1,'info','Scan Complete. Scanned 7686 files, 35 plugins, 6 themes, 127 pages, 149 comments and 250795 records in 141 seconds.'),(47769,1451592924.940373,1,'info','Contacting Wordfence to initiate scan'),(47770,1451592925.264707,2,'info','Getting plugin list from WordPress'),(47771,1451592925.265286,2,'info','Found 35 plugins'),(47772,1451592925.267204,2,'info','Getting theme list from WordPress'),(47209,1451330524.521025,2,'info','The disk has 548903.09 MB space available'),(47208,1451330524.520759,2,'info','Total disk space: 1494.5976GB -- Free disk space: 536.0382GB'),(47773,1451592925.267712,2,'info','Found 6 themes'),(47774,1451592925.282222,10,'info','SUM_START:Fetching core, theme and plugin file signatures from Wordfence'),(47205,1451330524.516233,2,'info','Scanning DNS MX record for tradinghubonline.com'),(47204,1451330524.514118,2,'info','Scanning DNS A record for tradinghubonline.com'),(47203,1451330524.459704,2,'info','Starting DNS scan for tradinghubonline.com'),(47775,1451592930.910410,10,'info','SUM_ENDSUCCESS:Fetching core, theme and plugin file signatures from Wordfence'),(47776,1451592930.913306,10,'info','SUM_START:Fetching list of known malware files from Wordfence'),(47200,1451330523.177209,2,'info','Starting password strength check on 26 users.'),(47777,1451592932.023008,10,'info','SUM_ENDSUCCESS:Fetching list of known malware files from Wordfence'),(47778,1451592932.025957,10,'info','SUM_START:Comparing core WordPress files against originals in repository'),(47197,1451330523.160043,2,'info','Done host key check.'),(47779,1451592932.026239,10,'info','SUM_DISABLED:Skipping theme scan'),(47196,1451330522.846724,2,'info','Checking 1 host keys against Wordfence scanning servers.'),(47780,1451592932.051649,10,'info','SUM_DISABLED:Skipping plugin scan'),(47781,1451592932.053944,10,'info','SUM_START:Scanning for known malware files'),(47192,1451330522.473386,2,'info','Done host key check.'),(47193,1451330522.474392,2,'info','Done examining URLs'),(47191,1451330522.174129,2,'info','Checking 13 host keys against Wordfence scanning servers.'),(47190,1451330522.173410,2,'info','Examining URLs found in posts we scanned for dangerous websites'),(47782,1451592936.651696,2,'info','Analyzed 100 files containing 1.21 MB of data so far'),(47783,1451592937.130619,2,'info','Analyzed 200 files containing 2.9 MB of data so far'),(47186,1451330514.800822,2,'info','Starting scan of database'),(47187,1451330521.871062,2,'info','Done database scan'),(47784,1451592937.673245,2,'info','Analyzed 300 files containing 5.22 MB of data so far'),(47785,1451592938.228919,2,'info','Analyzed 400 files containing 5.88 MB of data so far'),(47786,1451592939.945683,2,'info','Analyzed 500 files containing 23.86 MB of data so far'),(47787,1451592940.104384,2,'info','Analyzed 600 files containing 23.9 MB of data so far'),(47788,1451592940.425744,2,'info','Analyzed 700 files containing 24.26 MB of data so far'),(47789,1451592940.816349,2,'info','Analyzed 800 files containing 25.34 MB of data so far'),(47790,1451592941.281670,2,'info','Analyzed 900 files containing 25.64 MB of data so far'),(47182,1451330514.488284,2,'info','Done file contents scan'),(47181,1451330514.474368,2,'info','Done URL check.'),(47180,1451330513.944104,2,'info','Checking 79 URLs from 31 sources.'),(47868,1451593003.429749,2,'info','Scanned contents of 147 additional files at 28.05 per second'),(47867,1451593002.228942,2,'info','Scanned contents of 135 additional files at 33.41 per second'),(47869,1451593004.466716,2,'info','Scanned contents of 168 additional files at 26.76 per second'),(47562,1451498623.517359,2,'info','Checking 1 host keys against Wordfence scanning servers.'),(47765,1451592916.701587,10,'info','SUM_PAIDONLY:Check if your site is being Spamvertized is for paid members only'),(47764,1451592914.700965,10,'info','SUM_PAIDONLY:Remote scan of public facing site only available to paid members'),(47762,1451592911.924462,1,'info','Scheduled Wordfence scan starting at Thursday 31st of December 2015 10:15:11 PM'),(47763,1451592914.691140,10,'info','SUM_PREP:Preparing a new scan.'),(47334,1451413907.365532,2,'info','Scanned contents of 536 additional files at 26.40 per second'),(47333,1451413906.358517,2,'info','Scanned contents of 503 additional files at 26.06 per second'),(47332,1451413905.339514,2,'info','Scanned contents of 482 additional files at 26.37 per second'),(47331,1451413904.312389,2,'info','Scanned contents of 449 additional files at 26.03 per second'),(47330,1451413903.306752,2,'info','Scanned contents of 402 additional files at 24.74 per second'),(47329,1451413902.302960,2,'info','Scanned contents of 368 additional files at 24.14 per second'),(47328,1451413901.276384,2,'info','Scanned contents of 343 additional files at 24.13 per second'),(47327,1451413900.240115,2,'info','Scanned contents of 287 additional files at 21.78 per second'),(47326,1451413899.220779,2,'info','Scanned contents of 246 additional files at 20.23 per second'),(47325,1451413898.211885,2,'info','Scanned contents of 180 additional files at 16.14 per second'),(47324,1451413897.209408,2,'info','Scanned contents of 148 additional files at 14.58 per second'),(47323,1451413892.334702,2,'info','Scanned contents of 143 additional files at 27.11 per second'),(47322,1451413891.326542,2,'info','Scanned contents of 124 additional files at 29.06 per second'),(47321,1451413890.163487,2,'info','Scanned contents of 80 additional files at 25.78 per second'),(47320,1451413889.157968,2,'info','Scanned contents of 60 additional files at 28.60 per second'),(47319,1451413888.118753,2,'info','Scanned contents of 25 additional files at 23.61 per second'),(47318,1451413887.059253,2,'info','Starting scan of file contents'),(47966,1451683010.706678,2,'info','Analyzed 400 files containing 5.88 MB of data so far'),(47967,1451683012.877828,2,'info','Analyzed 500 files containing 24.14 MB of data so far'),(47968,1451683013.044194,2,'info','Analyzed 600 files containing 24.19 MB of data so far'),(47969,1451683013.400763,2,'info','Analyzed 700 files containing 24.54 MB of data so far'),(47970,1451683013.771823,2,'info','Analyzed 800 files containing 25.63 MB of data so far'),(47313,1451413886.318522,2,'info','Analyzed 7686 files containing 314.32 MB of data.'),(47312,1451413885.837543,2,'info','Analyzed 7600 files containing 311.59 MB of data so far'),(47311,1451413884.961841,2,'info','Analyzed 7500 files containing 310.44 MB of data so far'),(47310,1451413884.060729,2,'info','Analyzed 7400 files containing 308.95 MB of data so far'),(47309,1451413883.517814,2,'info','Analyzed 7300 files containing 308.39 MB of data so far'),(47308,1451413882.609168,2,'info','Analyzed 7200 files containing 306.33 MB of data so far'),(47307,1451413881.741522,2,'info','Analyzed 7100 files containing 302.25 MB of data so far'),(47306,1451413881.133484,2,'info','Analyzed 7000 files containing 297.61 MB of data so far'),(47305,1451413880.569801,2,'info','Analyzed 6900 files containing 292.63 MB of data so far'),(47304,1451413879.757329,2,'info','Analyzed 6800 files containing 287.45 MB of data so far'),(47303,1451413878.928934,2,'info','Analyzed 6700 files containing 281.89 MB of data so far'),(47302,1451413878.098436,2,'info','Analyzed 6600 files containing 275.84 MB of data so far'),(47301,1451413877.433455,2,'info','Analyzed 6500 files containing 267.8 MB of data so far'),(47300,1451413873.344490,2,'info','Analyzed 6400 files containing 261.15 MB of data so far'),(47299,1451413872.103720,2,'info','Analyzed 6300 files containing 255.28 MB of data so far'),(47298,1451413871.303351,2,'info','Analyzed 6200 files containing 248.9 MB of data so far'),(47297,1451413870.319499,2,'info','Analyzed 6100 files containing 240.56 MB of data so far'),(47296,1451413869.057851,2,'info','Analyzed 6000 files containing 229.94 MB of data so far'),(47295,1451413867.422521,2,'info','Analyzed 5900 files containing 206.41 MB of data so far'),(47609,1451515744.463127,2,'info','Analyzed 700 files containing 24.11 MB of data so far'),(47608,1451515744.087884,2,'info','Analyzed 600 files containing 23.76 MB of data so far'),(47607,1451515743.897441,2,'info','Analyzed 500 files containing 23.72 MB of data so far'),(47606,1451515741.761459,2,'info','Analyzed 400 files containing 5.88 MB of data so far'),(47605,1451515741.298517,2,'info','Analyzed 300 files containing 5.22 MB of data so far'),(47604,1451515740.811973,2,'info','Analyzed 200 files containing 2.9 MB of data so far'),(47603,1451515740.399993,2,'info','Analyzed 100 files containing 1.21 MB of data so far'),(47602,1451515739.722819,10,'info','SUM_START:Scanning for known malware files'),(47601,1451515739.721335,10,'info','SUM_DISABLED:Skipping plugin scan'),(47600,1451515739.721085,10,'info','SUM_DISABLED:Skipping theme scan'),(47599,1451515739.720797,10,'info','SUM_START:Comparing core WordPress files against originals in repository'),(47598,1451515739.718010,10,'info','SUM_ENDSUCCESS:Fetching list of known malware files from Wordfence'),(47597,1451515738.887081,10,'info','SUM_START:Fetching list of known malware files from Wordfence'),(47596,1451515738.884221,10,'info','SUM_ENDSUCCESS:Fetching core, theme and plugin file signatures from Wordfence'),(47595,1451515737.780300,10,'info','SUM_START:Fetching core, theme and plugin file signatures from Wordfence'),(47594,1451515737.755523,2,'info','Found 6 themes'),(47592,1451515737.753260,2,'info','Found 35 plugins'),(47593,1451515737.755022,2,'info','Getting theme list from WordPress'),(47591,1451515737.752654,2,'info','Getting plugin list from WordPress'),(47590,1451515737.455140,1,'info','Contacting Wordfence to initiate scan'),(47589,1451515737.453575,10,'info','SUM_ENDOK:Scanning your site for the HeartBleed vulnerability'),(47583,1451515724.543338,1,'info','Scheduled Wordfence scan starting at Thursday 31st of December 2015 12:48:44 AM'),(47582,1451498627.277873,2,'info','Wordfence used 58.07MB of memory for scan. Server peak memory usage was: 106.59MB'),(47580,1451498627.252159,1,'info','Scan Complete. Scanned 7686 files, 35 plugins, 6 themes, 127 pages, 151 comments and 250848 records in 153 seconds.'),(47579,1451498627.251806,1,'info','-------------------'),(47563,1451498623.812256,2,'info','Done host key check.'),(47566,1451498623.829411,2,'info','Starting password strength check on 26 users.'),(47569,1451498625.054383,2,'info','Starting DNS scan for tradinghubonline.com'),(47570,1451498625.209998,2,'info','Scanning DNS A record for tradinghubonline.com'),(47571,1451498625.211676,2,'info','Scanning DNS MX record for tradinghubonline.com'),(47574,1451498625.216034,2,'info','Total disk space: 1494.5976GB -- Free disk space: 536.7291GB'),(47575,1451498625.216309,2,'info','The disk has 549610.65 MB space available'),(47242,1451413826.205506,2,'info','Analyzed 600 files containing 23.64 MB of data so far'),(47243,1451413826.653927,2,'info','Analyzed 700 files containing 23.99 MB of data so far'),(47244,1451413827.067842,2,'info','Analyzed 800 files containing 25.08 MB of data so far'),(47245,1451413827.439522,2,'info','Analyzed 900 files containing 25.38 MB of data so far'),(47246,1451413827.831299,2,'info','Analyzed 1000 files containing 26.1 MB of data so far'),(47241,1451413826.013647,2,'info','Analyzed 500 files containing 23.6 MB of data so far'),(47240,1451413824.184822,2,'info','Analyzed 400 files containing 5.88 MB of data so far'),(47247,1451413828.650313,2,'info','Analyzed 1100 files containing 31.39 MB of data so far'),(47252,1451413830.927464,2,'info','Analyzed 1600 files containing 42.94 MB of data so far'),(47251,1451413830.490789,2,'info','Analyzed 1500 files containing 39.47 MB of data so far'),(47250,1451413830.168740,2,'info','Analyzed 1400 files containing 38.76 MB of data so far'),(47249,1451413829.712785,2,'info','Analyzed 1300 files containing 36.54 MB of data so far'),(47248,1451413829.003580,2,'info','Analyzed 1200 files containing 32.34 MB of data so far'),(47615,1451515747.519952,2,'info','Analyzed 1300 files containing 36.66 MB of data so far'),(47616,1451515748.139449,2,'info','Analyzed 1400 files containing 38.88 MB of data so far'),(47617,1451515748.457126,2,'info','Analyzed 1500 files containing 39.59 MB of data so far'),(47618,1451515748.897157,2,'info','Analyzed 1600 files containing 43.06 MB of data so far'),(47619,1451515749.272665,2,'info','Analyzed 1700 files containing 43.8 MB of data so far'),(47620,1451515749.637409,2,'info','Analyzed 1800 files containing 45.58 MB of data so far'),(47871,1451593006.519404,2,'info','Scanned contents of 273 additional files at 32.77 per second'),(47870,1451593005.481000,2,'info','Scanned contents of 220 additional files at 30.17 per second'),(47872,1451593007.706021,2,'info','Scanned contents of 322 additional files at 33.83 per second'),(48074,1451683101.803558,2,'info','Scanned contents of 717 additional files at 21.53 per second'),(48071,1451683098.293000,2,'info','Scanned contents of 697 additional files at 23.39 per second'),(48072,1451683099.421946,2,'info','Scanned contents of 705 additional files at 22.80 per second'),(48073,1451683100.683758,2,'info','Scanned contents of 711 additional files at 22.09 per second'),(48067,1451683092.665001,2,'info','Scanned contents of 665 additional files at 27.52 per second'),(48068,1451683093.814117,2,'info','Scanned contents of 679 additional files at 26.82 per second'),(48069,1451683094.851499,2,'info','Scanned contents of 689 additional files at 26.14 per second'),(48070,1451683096.021607,2,'info','Scanned contents of 696 additional files at 25.29 per second'),(48066,1451683091.591490,2,'info','Scanned contents of 652 additional files at 28.23 per second'),(48065,1451683090.539607,2,'info','Scanned contents of 636 additional files at 28.85 per second'),(48064,1451683089.487812,2,'info','Scanned contents of 622 additional files at 29.63 per second'),(48063,1451683088.478659,2,'info','Scanned contents of 608 additional files at 30.43 per second'),(47463,1451498526.503387,2,'info','Analyzed 4400 files containing 108.19 MB of data so far'),(47946,1451682999.078881,10,'info','SUM_PAIDONLY:Check if your site is being Spamvertized is for paid members only'),(47944,1451682997.041230,10,'info','SUM_PREP:Preparing a new scan.'),(47945,1451682997.071547,10,'info','SUM_PAIDONLY:Remote scan of public facing site only available to paid members'),(47943,1451682994.444239,1,'info','Scheduled Wordfence scan starting at Friday 1st of January 2016 11:16:34 PM'),(48038,1451683067.192711,2,'info','Analyzed 7600 files containing 313.67 MB of data so far'),(47294,1451413866.443522,2,'info','Analyzed 5800 files containing 194.46 MB of data so far'),(47462,1451498526.139368,2,'info','Analyzed 4300 files containing 106.38 MB of data so far'),(47461,1451498525.431397,2,'info','Analyzed 4200 files containing 102.17 MB of data so far'),(47460,1451498524.832249,2,'info','Analyzed 4100 files containing 98.83 MB of data so far'),(47293,1451413865.620518,2,'info','Analyzed 5700 files containing 185.5 MB of data so far'),(47292,1451413864.934321,2,'info','Analyzed 5600 files containing 177.28 MB of data so far'),(47291,1451413864.325896,2,'info','Analyzed 5500 files containing 170.92 MB of data so far'),(47290,1451413863.675148,2,'info','Analyzed 5400 files containing 163.16 MB of data so far'),(47289,1451413862.957308,2,'info','Analyzed 5300 files containing 153.98 MB of data so far'),(47288,1451413862.247523,2,'info','Analyzed 5200 files containing 145.42 MB of data so far'),(47287,1451413861.134210,2,'info','Analyzed 5100 files containing 138.44 MB of data so far'),(47286,1451413860.314860,2,'info','Analyzed 5000 files containing 132.79 MB of data so far'),(47459,1451498524.170743,2,'info','Analyzed 4000 files containing 98.04 MB of data so far'),(47443,1451498507.083563,2,'info','Analyzed 2400 files containing 52.23 MB of data so far'),(47444,1451498508.377962,2,'info','Analyzed 2500 files containing 53.18 MB of data so far'),(47445,1451498508.855246,2,'info','Analyzed 2600 files containing 54.4 MB of data so far'),(47446,1451498509.430111,2,'info','Analyzed 2700 files containing 56.26 MB of data so far'),(47447,1451498509.811263,2,'info','Analyzed 2800 files containing 56.83 MB of data so far'),(47448,1451498510.311330,2,'info','Analyzed 2900 files containing 57.53 MB of data so far'),(47449,1451498510.782816,2,'info','Analyzed 3000 files containing 59.46 MB of data so far'),(47450,1451498511.461961,2,'info','Analyzed 3100 files containing 60 MB of data so far'),(47451,1451498512.283722,2,'info','Analyzed 3200 files containing 61.72 MB of data so far'),(47452,1451498513.061558,2,'info','Analyzed 3300 files containing 64.2 MB of data so far'),(47453,1451498514.189964,2,'info','Analyzed 3400 files containing 64.45 MB of data so far'),(47454,1451498514.630117,2,'info','Analyzed 3500 files containing 64.51 MB of data so far'),(47455,1451498514.996794,2,'info','Analyzed 3600 files containing 64.57 MB of data so far'),(47456,1451498515.345858,2,'info','Analyzed 3700 files containing 64.63 MB of data so far'),(47457,1451498517.476783,2,'info','Analyzed 3800 files containing 93.67 MB of data so far'),(47458,1451498523.405457,2,'info','Analyzed 3900 files containing 96.73 MB of data so far'),(47271,1451413844.713956,2,'info','Analyzed 3500 files containing 64.4 MB of data so far'),(47272,1451413844.915056,2,'info','Analyzed 3600 files containing 64.46 MB of data so far'),(47273,1451413845.223475,2,'info','Analyzed 3700 files containing 64.53 MB of data so far'),(47274,1451413847.182003,2,'info','Analyzed 3800 files containing 93.57 MB of data so far'),(47275,1451413847.831772,2,'info','Analyzed 3900 files containing 96.63 MB of data so far'),(47276,1451413848.516830,2,'info','Analyzed 4000 files containing 97.94 MB of data so far'),(47277,1451413849.339352,2,'info','Analyzed 4100 files containing 98.73 MB of data so far'),(47278,1451413849.826688,2,'info','Analyzed 4200 files containing 102.07 MB of data so far'),(47279,1451413850.447525,2,'info','Analyzed 4300 files containing 106.28 MB of data so far'),(47280,1451413850.869234,2,'info','Analyzed 4400 files containing 108.09 MB of data so far'),(47281,1451413851.780244,2,'info','Analyzed 4500 files containing 111.43 MB of data so far'),(47714,1451515833.201564,2,'info','Scanned contents of 719 additional files at 19.20 per second'),(47713,1451515831.997431,2,'info','Scanned contents of 712 additional files at 19.64 per second'),(47712,1451515830.890003,2,'info','Scanned contents of 706 additional files at 20.09 per second'),(47711,1451515829.763764,2,'info','Scanned contents of 701 additional files at 20.61 per second'),(47710,1451515828.652648,2,'info','Scanned contents of 693 additional files at 21.06 per second'),(47709,1451515824.652328,2,'info','Scanned contents of 688 additional files at 23.81 per second'),(47672,1451515788.051042,2,'info','Analyzed 7000 files containing 297.73 MB of data so far'),(47673,1451515788.758762,2,'info','Analyzed 7100 files containing 302.37 MB of data so far'),(47674,1451515792.319537,2,'info','Analyzed 7200 files containing 306.45 MB of data so far'),(47675,1451515792.765744,2,'info','Analyzed 7300 files containing 308.51 MB of data so far'),(47676,1451515793.398833,2,'info','Analyzed 7400 files containing 309.08 MB of data so far'),(47677,1451515793.875919,2,'info','Analyzed 7500 files containing 310.57 MB of data so far'),(47678,1451515794.585246,2,'info','Analyzed 7600 files containing 311.71 MB of data so far'),(47679,1451515795.011238,2,'info','Analyzed 7686 files containing 314.44 MB of data.'),(47680,1451515795.011877,10,'info','SUM_ENDOK:Comparing core WordPress files against originals in repository'),(47681,1451515795.374236,10,'info','SUM_ENDOK:Scanning for known malware files'),(47682,1451515795.398825,10,'info','SUM_START:Scanning file contents for infections and vulnerabilities'),(47683,1451515795.400926,10,'info','SUM_START:Scanning files for URLs in Google\'s Safe Browsing List'),(47684,1451515795.750300,2,'info','Starting scan of file contents'),(47685,1451515796.769006,2,'info','Scanned contents of 39 additional files at 38.31 per second'),(47686,1451515797.774134,2,'info','Scanned contents of 59 additional files at 29.16 per second'),(47687,1451515798.824718,2,'info','Scanned contents of 78 additional files at 25.38 per second'),(47688,1451515800.027284,2,'info','Scanned contents of 124 additional files at 29.00 per second'),(47689,1451515801.456285,2,'info','Scanned contents of 146 additional files at 25.59 per second'),(47690,1451515802.536431,2,'info','Scanned contents of 151 additional files at 22.25 per second'),(47691,1451515803.541625,2,'info','Scanned contents of 199 additional files at 25.54 per second'),(47692,1451515804.544838,2,'info','Scanned contents of 279 additional files at 31.73 per second'),(47693,1451515805.712257,2,'info','Scanned contents of 330 additional files at 33.13 per second'),(47694,1451515806.745463,2,'info','Scanned contents of 363 additional files at 33.02 per second'),(47695,1451515809.645732,2,'info','Scanned contents of 372 additional files at 26.77 per second'),(47696,1451515810.706745,2,'info','Scanned contents of 405 additional files at 27.08 per second'),(47697,1451515811.710985,2,'info','Scanned contents of 462 additional files at 28.95 per second'),(47698,1451515813.115089,2,'info','Scanned contents of 495 additional files at 28.51 per second'),(47699,1451515814.119793,2,'info','Scanned contents of 532 additional files at 28.96 per second'),(47700,1451515815.170271,2,'info','Scanned contents of 582 additional files at 29.97 per second'),(47701,1451515816.295978,2,'info','Scanned contents of 594 additional files at 28.91 per second'),(47702,1451515817.302321,2,'info','Scanned contents of 599 additional files at 27.79 per second'),(47703,1451515818.334630,2,'info','Scanned contents of 613 additional files at 27.14 per second'),(47704,1451515819.335492,2,'info','Scanned contents of 626 additional files at 26.54 per second'),(47705,1451515820.378394,2,'info','Scanned contents of 640 additional files at 25.99 per second'),(47706,1451515821.431943,2,'info','Scanned contents of 655 additional files at 25.51 per second'),(47707,1451515822.579158,2,'info','Scanned contents of 667 additional files at 24.86 per second'),(47708,1451515823.616442,2,'info','Scanned contents of 678 additional files at 24.33 per second'),(47810,1451592950.727933,2,'info','Analyzed 2900 files containing 57.69 MB of data so far'),(47811,1451592956.166579,2,'info','Analyzed 3000 files containing 59.62 MB of data so far'),(47812,1451592956.719902,2,'info','Analyzed 3100 files containing 60.16 MB of data so far'),(47813,1451592957.316907,2,'info','Analyzed 3200 files containing 61.88 MB of data so far'),(47814,1451592957.956428,2,'info','Analyzed 3300 files containing 64.37 MB of data so far'),(47815,1451592958.685919,2,'info','Analyzed 3400 files containing 64.61 MB of data so far'),(47816,1451592959.167263,2,'info','Analyzed 3500 files containing 64.67 MB of data so far'),(47817,1451592959.828205,2,'info','Analyzed 3600 files containing 64.73 MB of data so far'),(47818,1451592960.103978,2,'info','Analyzed 3700 files containing 64.79 MB of data so far'),(47819,1451592961.798102,2,'info','Analyzed 3800 files containing 93.83 MB of data so far'),(47820,1451592962.560036,2,'info','Analyzed 3900 files containing 96.89 MB of data so far'),(47834,1451592975.237486,2,'info','Analyzed 5300 files containing 154.25 MB of data so far'),(47471,1451498533.758963,2,'info','Analyzed 5200 files containing 145.53 MB of data so far'),(47835,1451592975.921448,2,'info','Analyzed 5400 files containing 163.43 MB of data so far'),(47836,1451592976.535194,2,'info','Analyzed 5500 files containing 171.19 MB of data so far'),(47837,1451592977.124016,2,'info','Analyzed 5600 files containing 177.54 MB of data so far'),(47346,1451413922.196475,2,'info','Scanned contents of 694 additional files at 19.75 per second'),(47347,1451413923.325532,2,'info','Scanned contents of 703 additional files at 19.38 per second'),(47348,1451413924.494196,2,'info','Scanned contents of 709 additional files at 18.94 per second'),(47349,1451413925.570511,2,'info','Scanned contents of 714 additional files at 18.54 per second'),(47350,1451413926.606243,2,'info','Scanned contents of 719 additional files at 18.18 per second'),(47470,1451498532.579548,2,'info','Analyzed 5100 files containing 138.54 MB of data so far'),(47469,1451498531.769117,2,'info','Analyzed 5000 files containing 132.89 MB of data so far'),(47351,1451413927.767814,2,'info','Scanned contents of 726 additional files at 17.83 per second'),(47352,1451413928.770824,2,'info','Scanned contents of 752 additional files at 18.03 per second'),(47353,1451413929.783193,2,'info','Scanned contents of 775 additional files at 18.14 per second'),(47354,1451413930.824764,2,'info','Scanned contents of 789 additional files at 18.03 per second'),(47355,1451413933.581370,2,'info','Scanned contents of 792 additional files at 17.02 per second'),(47356,1451413934.590335,2,'info','Scanned contents of 803 additional files at 16.89 per second'),(47971,1451683014.103052,2,'info','Analyzed 900 files containing 25.93 MB of data so far'),(47972,1451683014.490921,2,'info','Analyzed 1000 files containing 26.65 MB of data so far'),(47239,1451413823.676454,2,'info','Analyzed 300 files containing 5.22 MB of data so far'),(47238,1451413823.125247,2,'info','Analyzed 200 files containing 2.9 MB of data so far'),(47237,1451413822.697913,2,'info','Analyzed 100 files containing 1.21 MB of data so far'),(47821,1451592963.144805,2,'info','Analyzed 4000 files containing 98.2 MB of data so far'),(47822,1451592963.664667,2,'info','Analyzed 4100 files containing 98.99 MB of data so far'),(47823,1451592964.164969,2,'info','Analyzed 4200 files containing 102.34 MB of data so far'),(47824,1451592964.946945,2,'info','Analyzed 4300 files containing 106.54 MB of data so far'),(47477,1451498544.174129,2,'info','Analyzed 5800 files containing 194.56 MB of data so far'),(48030,1451683058.322688,2,'info','Analyzed 6800 files containing 287.99 MB of data so far'),(48029,1451683057.502673,2,'info','Analyzed 6700 files containing 282.44 MB of data so far'),(48025,1451683054.867179,2,'info','Analyzed 6300 files containing 255.83 MB of data so far'),(48026,1451683055.533305,2,'info','Analyzed 6400 files containing 261.69 MB of data so far'),(48027,1451683056.031494,2,'info','Analyzed 6500 files containing 268.35 MB of data so far'),(48028,1451683056.678932,2,'info','Analyzed 6600 files containing 276.39 MB of data so far'),(47842,1451592981.826708,2,'info','Analyzed 6100 files containing 240.83 MB of data so far'),(47843,1451592982.684807,2,'info','Analyzed 6200 files containing 249.17 MB of data so far'),(47844,1451592983.364103,2,'info','Analyzed 6300 files containing 255.54 MB of data so far'),(47845,1451592984.099203,2,'info','Analyzed 6400 files containing 261.41 MB of data so far'),(47846,1451592984.722444,2,'info','Analyzed 6500 files containing 268.07 MB of data so far'),(47847,1451592985.453418,2,'info','Analyzed 6600 files containing 276.11 MB of data so far'),(47848,1451592986.149115,2,'info','Analyzed 6700 files containing 282.16 MB of data so far'),(47849,1451592986.888793,2,'info','Analyzed 6800 files containing 287.71 MB of data so far'),(47850,1451592987.499905,2,'info','Analyzed 6900 files containing 292.9 MB of data so far'),(47851,1451592988.071249,2,'info','Analyzed 7000 files containing 297.87 MB of data so far'),(47852,1451592993.761084,2,'info','Analyzed 7100 files containing 302.52 MB of data so far'),(47853,1451592994.764804,2,'info','Analyzed 7200 files containing 306.62 MB of data so far'),(47854,1451592995.169121,2,'info','Analyzed 7300 files containing 308.68 MB of data so far'),(47855,1451592995.585088,2,'info','Analyzed 7400 files containing 309.25 MB of data so far'),(47856,1451592996.250044,2,'info','Analyzed 7500 files containing 310.74 MB of data so far'),(47857,1451592997.007297,2,'info','Analyzed 7600 files containing 311.88 MB of data so far'),(47858,1451592997.399540,2,'info','Analyzed 7686 files containing 314.61 MB of data.'),(47859,1451592997.400078,10,'info','SUM_ENDOK:Comparing core WordPress files against originals in repository'),(47860,1451592997.819751,10,'info','SUM_ENDOK:Scanning for known malware files'),(47861,1451592997.855373,10,'info','SUM_START:Scanning file contents for infections and vulnerabilities'),(47179,1451330513.937524,2,'info','Done host key check.'),(47178,1451330513.540298,2,'info','Checking 804 host keys against Wordfence scanning servers.'),(47473,1451498535.685793,2,'info','Analyzed 5400 files containing 163.26 MB of data so far'),(47862,1451592997.857170,10,'info','SUM_START:Scanning files for URLs in Google\'s Safe Browsing List'),(47863,1451592998.187544,2,'info','Starting scan of file contents'),(47864,1451592999.223635,2,'info','Scanned contents of 41 additional files at 39.61 per second'),(47865,1451593000.223673,2,'info','Scanned contents of 69 additional files at 33.90 per second'),(47866,1451593001.228782,2,'info','Scanned contents of 92 additional files at 30.26 per second'),(47476,1451498542.261794,2,'info','Analyzed 5700 files containing 185.61 MB of data so far'),(47475,1451498537.332469,2,'info','Analyzed 5600 files containing 177.38 MB of data so far'),(47474,1451498536.444073,2,'info','Analyzed 5500 files containing 171.03 MB of data so far'),(48034,1451683064.948454,2,'info','Analyzed 7200 files containing 307.65 MB of data so far'),(48033,1451683063.497203,2,'info','Analyzed 7100 files containing 302.03 MB of data so far'),(48031,1451683059.142823,2,'info','Analyzed 6900 files containing 293.18 MB of data so far'),(48032,1451683062.695308,2,'info','Analyzed 7000 files containing 298.16 MB of data so far'),(47177,1451330513.532471,2,'info','Asking Wordfence to check URL\'s against malware list.'),(47176,1451330513.532105,2,'info','Scanned contents of 834 additional files at 17.40 per second'),(47175,1451330512.892956,2,'info','Scanned contents of 820 additional files at 17.34 per second'),(47174,1451330511.679612,2,'info','Scanned contents of 803 additional files at 17.43 per second'),(47173,1451330510.639307,2,'info','Scanned contents of 793 additional files at 17.61 per second'),(47171,1451330507.059423,2,'info','Scanned contents of 775 additional files at 18.70 per second'),(47172,1451330509.589347,2,'info','Scanned contents of 776 additional files at 17.64 per second'),(47170,1451330506.021862,2,'info','Scanned contents of 749 additional files at 18.53 per second'),(47169,1451330505.011125,2,'info','Scanned contents of 724 additional files at 18.37 per second'),(47168,1451330503.965045,2,'info','Scanned contents of 719 additional files at 18.75 per second'),(47167,1451330502.829959,2,'info','Scanned contents of 713 additional files at 19.16 per second'),(47166,1451330501.807779,2,'info','Scanned contents of 707 additional files at 19.53 per second'),(47165,1451330500.793330,2,'info','Scanned contents of 702 additional files at 19.95 per second'),(47164,1451330499.683820,2,'info','Scanned contents of 695 additional files at 20.40 per second'),(47163,1451330498.553159,2,'info','Scanned contents of 690 additional files at 20.94 per second'),(47162,1451330497.480610,2,'info','Scanned contents of 680 additional files at 21.34 per second'),(47161,1451330496.406251,2,'info','Scanned contents of 668 additional files at 21.69 per second'),(47160,1451330495.401322,2,'info','Scanned contents of 662 additional files at 22.22 per second'),(47159,1451330494.396886,2,'info','Scanned contents of 650 additional files at 22.58 per second'),(47158,1451330493.387655,2,'info','Scanned contents of 635 additional files at 22.86 per second'),(47157,1451330492.346301,2,'info','Scanned contents of 621 additional files at 23.23 per second'),(47156,1451330491.319226,2,'info','Scanned contents of 609 additional files at 23.69 per second'),(47155,1451330487.852872,2,'info','Scanned contents of 606 additional files at 27.24 per second'),(47154,1451330486.831657,2,'info','Scanned contents of 595 additional files at 28.04 per second'),(47153,1451330485.734716,2,'info','Scanned contents of 582 additional files at 28.92 per second'),(47152,1451330484.647303,2,'info','Scanned contents of 529 additional files at 27.79 per second'),(47151,1451330483.623765,2,'info','Scanned contents of 497 additional files at 27.59 per second'),(47150,1451330482.590140,2,'info','Scanned contents of 490 additional files at 28.86 per second'),(47149,1451330481.566949,2,'info','Scanned contents of 463 additional files at 29.01 per second'),(47148,1451330480.557324,2,'info','Scanned contents of 422 additional files at 28.23 per second'),(47147,1451330479.481436,2,'info','Scanned contents of 383 additional files at 27.61 per second'),(47146,1451330478.457791,2,'info','Scanned contents of 354 additional files at 27.55 per second'),(47145,1451330477.455675,2,'info','Scanned contents of 322 additional files at 27.18 per second'),(47144,1451330476.407062,2,'info','Scanned contents of 273 additional files at 25.28 per second'),(47143,1451330475.371119,2,'info','Scanned contents of 193 additional files at 19.77 per second'),(47142,1451330474.362847,2,'info','Scanned contents of 157 additional files at 17.93 per second'),(47141,1451330473.360599,2,'info','Scanned contents of 146 additional files at 18.83 per second'),(47140,1451330472.186107,2,'info','Scanned contents of 130 additional files at 19.77 per second'),(47139,1451330469.812751,2,'info','Scanned contents of 124 additional files at 29.50 per second'),(47138,1451330468.761288,2,'info','Scanned contents of 78 additional files at 24.74 per second'),(47137,1451330467.720624,2,'info','Scanned contents of 60 additional files at 28.41 per second'),(47136,1451330466.609315,2,'info','Scanned contents of 33 additional files at 32.98 per second'),(47135,1451330465.608191,2,'info','Starting scan of file contents'),(47791,1451592941.751857,2,'info','Analyzed 1000 files containing 26.37 MB of data so far'),(47792,1451592942.654857,2,'info','Analyzed 1100 files containing 31.65 MB of data so far'),(47793,1451592943.003899,2,'info','Analyzed 1200 files containing 32.6 MB of data so far'),(47794,1451592943.584697,2,'info','Analyzed 1300 files containing 36.8 MB of data so far'),(47795,1451592944.066770,2,'info','Analyzed 1400 files containing 39.02 MB of data so far'),(47130,1451330464.844237,2,'info','Analyzed 7686 files containing 314.2 MB of data.'),(47129,1451330464.084613,2,'info','Analyzed 7600 files containing 311.47 MB of data so far'),(47128,1451330463.351512,2,'info','Analyzed 7500 files containing 310.33 MB of data so far'),(47127,1451330462.837327,2,'info','Analyzed 7400 files containing 308.84 MB of data so far'),(47126,1451330462.424917,2,'info','Analyzed 7300 files containing 308.27 MB of data so far'),(47125,1451330461.801695,2,'info','Analyzed 7200 files containing 306.22 MB of data so far'),(47124,1451330460.794667,2,'info','Analyzed 7100 files containing 302.13 MB of data so far'),(47123,1451330460.184610,2,'info','Analyzed 7000 files containing 297.49 MB of data so far'),(47122,1451330459.670083,2,'info','Analyzed 6900 files containing 292.52 MB of data so far'),(47121,1451330458.903779,2,'info','Analyzed 6800 files containing 287.33 MB of data so far'),(47120,1451330457.644135,2,'info','Analyzed 6700 files containing 281.78 MB of data so far'),(47112,1451330445.412439,2,'info','Analyzed 5900 files containing 206.29 MB of data so far'),(47113,1451330447.332819,2,'info','Analyzed 6000 files containing 229.82 MB of data so far'),(47114,1451330448.485495,2,'info','Analyzed 6100 files containing 240.44 MB of data so far'),(47115,1451330450.125837,2,'info','Analyzed 6200 files containing 248.79 MB of data so far'),(47116,1451330454.474739,2,'info','Analyzed 6300 files containing 255.16 MB of data so far'),(47117,1451330455.295622,2,'info','Analyzed 6400 files containing 261.03 MB of data so far'),(47118,1451330455.926870,2,'info','Analyzed 6500 files containing 267.69 MB of data so far'),(47119,1451330456.935003,2,'info','Analyzed 6600 files containing 275.72 MB of data so far'),(48078,1451683105.866281,2,'info','Scanned contents of 791 additional files at 21.17 per second'),(48079,1451683106.914151,2,'info','Scanned contents of 804 additional files at 20.93 per second'),(48080,1451683108.045271,2,'info','Scanned contents of 821 additional files at 20.76 per second'),(48081,1451683108.485108,2,'info','Scanned contents of 835 additional files at 20.88 per second'),(48082,1451683108.485509,2,'info','Asking Wordfence to check URL\'s against malware list.'),(48083,1451683108.493214,2,'info','Checking 804 host keys against Wordfence scanning servers.'),(48084,1451683108.885693,2,'info','Done host key check.'),(48085,1451683108.890401,2,'info','Checking 79 URLs from 31 sources.'),(48086,1451683109.492520,2,'info','Done URL check.'),(48087,1451683109.506221,2,'info','Done file contents scan'),(48088,1451683109.506881,10,'info','SUM_ENDOK:Scanning file contents for infections and vulnerabilities'),(48089,1451683109.513257,10,'info','SUM_ENDOK:Scanning files for URLs in Google\'s Safe Browsing List'),(48090,1451683109.521779,10,'info','SUM_START:Scanning database for infections and vulnerabilities'),(48091,1451683109.844017,2,'info','Starting scan of database'),(48092,1451683120.230327,2,'info','Done database scan'),(48093,1451683120.231186,10,'info','SUM_ENDOK:Scanning database for infections and vulnerabilities'),(48094,1451683120.234018,10,'info','SUM_START:Scanning posts for URL\'s in Google\'s Safe Browsing List'),(48095,1451683120.441187,2,'info','Examining URLs found in posts we scanned for dangerous websites'),(48096,1451683120.442073,2,'info','Checking 13 host keys against Wordfence scanning servers.'),(48097,1451683120.799810,2,'info','Done host key check.'),(48098,1451683120.800361,2,'info','Done examining URLs'),(48099,1451683120.812369,10,'info','SUM_ENDOK:Scanning posts for URL\'s in Google\'s Safe Browsing List'),(48100,1451683120.815324,10,'info','SUM_START:Scanning comments for URL\'s in Google\'s Safe Browsing List'),(48101,1451683120.915918,2,'info','Checking 1 host keys against Wordfence scanning servers.'),(48102,1451683121.216038,2,'info','Done host key check.'),(48103,1451683121.230875,10,'info','SUM_ENDOK:Scanning comments for URL\'s in Google\'s Safe Browsing List'),(48104,1451683121.233941,10,'info','SUM_START:Scanning for weak passwords'),(48105,1451683121.234552,2,'info','Starting password strength check on 26 users.'),(48106,1451683122.248270,10,'info','SUM_ENDOK:Scanning for weak passwords'),(48107,1451683122.251323,10,'info','SUM_START:Scanning DNS for unauthorized changes'),(48108,1451683122.251837,2,'info','Starting DNS scan for tradinghubonline.com'),(48109,1451683122.456296,2,'info','Scanning DNS A record for tradinghubonline.com'),(48110,1451683122.458253,2,'info','Scanning DNS MX record for tradinghubonline.com'),(48111,1451683122.459693,10,'info','SUM_ENDOK:Scanning DNS for unauthorized changes'),(48112,1451683122.462572,10,'info','SUM_START:Scanning to check available disk space'),(48113,1451683122.462954,2,'info','Total disk space: 1494.5976GB -- Free disk space: 536.3590GB'),(48114,1451683122.463217,2,'info','The disk has 549231.60 MB space available'),(48115,1451683122.464028,10,'info','SUM_ENDOK:Scanning to check available disk space'),(48116,1451683122.466807,10,'info','SUM_START:Scanning for old themes, plugins and core files'),(48117,1451683123.865538,10,'info','SUM_ENDBAD:Scanning for old themes, plugins and core files'),(48118,1451683124.140440,1,'info','-------------------'),(48119,1451683124.140784,1,'info','Scan Complete. Scanned 7709 files, 35 plugins, 6 themes, 128 pages, 151 comments and 251285 records in 127 seconds.'),(48120,1451683124.141063,10,'info','SUM_FINAL:Scan complete. You have 10 new issues to fix. See below.'),(48121,1451683124.165051,2,'info','Wordfence used 58.07MB of memory for scan. Server peak memory usage was: 106.59MB'),(47076,1451330417.619844,2,'info','Analyzed 2300 files containing 51.86 MB of data so far'),(47077,1451330417.902972,2,'info','Analyzed 2400 files containing 52.01 MB of data so far'),(47809,1451592950.334770,2,'info','Analyzed 2800 files containing 56.99 MB of data so far'),(47808,1451592950.085085,2,'info','Analyzed 2700 files containing 56.42 MB of data so far'),(47807,1451592949.698903,2,'info','Analyzed 2600 files containing 54.56 MB of data so far'),(47806,1451592949.090545,2,'info','Analyzed 2500 files containing 53.35 MB of data so far'),(47805,1451592948.562604,2,'info','Analyzed 2400 files containing 52.39 MB of data so far'),(47804,1451592948.303070,2,'info','Analyzed 2300 files containing 52.24 MB of data so far'),(47803,1451592947.752206,2,'info','Analyzed 2200 files containing 51.5 MB of data so far'),(47802,1451592947.380144,2,'info','Analyzed 2100 files containing 50.1 MB of data so far'),(47801,1451592946.997433,2,'info','Analyzed 2000 files containing 48.99 MB of data so far'),(47800,1451592946.638779,2,'info','Analyzed 1900 files containing 47.35 MB of data so far'),(47799,1451592946.226120,2,'info','Analyzed 1800 files containing 45.72 MB of data so far'),(47798,1451592945.816931,2,'info','Analyzed 1700 files containing 43.94 MB of data so far'),(47797,1451592945.465869,2,'info','Analyzed 1600 files containing 43.2 MB of data so far'),(47796,1451592944.891276,2,'info','Analyzed 1500 files containing 39.73 MB of data so far'),(47061,1451330406.805530,2,'info','Analyzed 800 files containing 24.96 MB of data so far'),(47062,1451330407.342077,2,'info','Analyzed 900 files containing 25.26 MB of data so far'),(47063,1451330408.020887,2,'info','Analyzed 1000 files containing 25.98 MB of data so far'),(47064,1451330408.889392,2,'info','Analyzed 1100 files containing 31.27 MB of data so far'),(47065,1451330409.227000,2,'info','Analyzed 1200 files containing 32.22 MB of data so far'),(47066,1451330409.902488,2,'info','Analyzed 1300 files containing 36.42 MB of data so far'),(47067,1451330410.472272,2,'info','Analyzed 1400 files containing 38.64 MB of data so far'),(47068,1451330410.845923,2,'info','Analyzed 1500 files containing 39.35 MB of data so far'),(47069,1451330411.299794,2,'info','Analyzed 1600 files containing 42.82 MB of data so far'),(47070,1451330411.745802,2,'info','Analyzed 1700 files containing 43.56 MB of data so far'),(47071,1451330412.188086,2,'info','Analyzed 1800 files containing 45.34 MB of data so far'),(47072,1451330412.636837,2,'info','Analyzed 1900 files containing 46.96 MB of data so far'),(47073,1451330413.132103,2,'info','Analyzed 2000 files containing 48.61 MB of data so far'),(47074,1451330413.889242,2,'info','Analyzed 2100 files containing 49.72 MB of data so far'),(47075,1451330417.211434,2,'info','Analyzed 2200 files containing 51.11 MB of data so far'),(47468,1451498530.787964,2,'info','Analyzed 4900 files containing 125.75 MB of data so far'),(47957,1451683008.280375,10,'info','SUM_START:Fetching list of known malware files from Wordfence'),(47383,1451413946.781106,2,'info','Starting password strength check on 26 users.'),(47956,1451683008.277557,10,'info','SUM_ENDSUCCESS:Fetching core, theme and plugin file signatures from Wordfence'),(47955,1451683007.424192,10,'info','SUM_START:Fetching core, theme and plugin file signatures from Wordfence'),(47386,1451413947.876478,2,'info','Starting DNS scan for tradinghubonline.com'),(47359,1451413936.705466,2,'info','Scanned contents of 834 additional files at 16.80 per second'),(47358,1451413936.633215,2,'info','Scanned contents of 821 additional files at 16.56 per second'),(47360,1451413936.705872,2,'info','Asking Wordfence to check URL\'s against malware list.'),(47361,1451413936.715413,2,'info','Checking 804 host keys against Wordfence scanning servers.'),(47362,1451413937.108385,2,'info','Done host key check.'),(47363,1451413937.114711,2,'info','Checking 79 URLs from 31 sources.'),(47380,1451413946.764556,2,'info','Done host key check.'),(47379,1451413946.445335,2,'info','Checking 1 host keys against Wordfence scanning servers.'),(47958,1451683009.012181,10,'info','SUM_ENDSUCCESS:Fetching list of known malware files from Wordfence'),(47959,1451683009.014474,10,'info','SUM_START:Comparing core WordPress files against originals in repository'),(47960,1451683009.014687,10,'info','SUM_DISABLED:Skipping theme scan'),(47376,1451413946.266072,2,'info','Done examining URLs'),(47375,1451413946.265338,2,'info','Done host key check.'),(47374,1451413945.968288,2,'info','Checking 13 host keys against Wordfence scanning servers.'),(47373,1451413945.967505,2,'info','Examining URLs found in posts we scanned for dangerous websites'),(47961,1451683009.014889,10,'info','SUM_DISABLED:Skipping plugin scan'),(47962,1451683009.016126,10,'info','SUM_START:Scanning for known malware files'),(47364,1451413937.711817,2,'info','Done URL check.'),(47365,1451413937.728015,2,'info','Done file contents scan'),(47965,1451683010.326504,2,'info','Analyzed 300 files containing 5.22 MB of data so far'),(47964,1451683009.943102,2,'info','Analyzed 200 files containing 2.9 MB of data so far'),(47963,1451683009.527282,2,'info','Analyzed 100 files containing 1.21 MB of data so far'),(47369,1451413938.056581,2,'info','Starting scan of database'),(47370,1451413945.756092,2,'info','Done database scan'),(47973,1451683015.087988,2,'info','Analyzed 1100 files containing 31.94 MB of data so far'),(47974,1451683015.451845,2,'info','Analyzed 1200 files containing 32.88 MB of data so far'),(47975,1451683016.072490,2,'info','Analyzed 1300 files containing 37.09 MB of data so far'),(47976,1451683016.617437,2,'info','Analyzed 1400 files containing 39.31 MB of data so far'),(47977,1451683016.946292,2,'info','Analyzed 1500 files containing 40.01 MB of data so far'),(47978,1451683017.609253,2,'info','Analyzed 1600 files containing 43.49 MB of data so far'),(47979,1451683018.139133,2,'info','Analyzed 1700 files containing 44.22 MB of data so far'),(47980,1451683018.535766,2,'info','Analyzed 1800 files containing 46.01 MB of data so far'),(47981,1451683018.984894,2,'info','Analyzed 1900 files containing 47.63 MB of data so far'),(47982,1451683019.417708,2,'info','Analyzed 2000 files containing 49.27 MB of data so far'),(47983,1451683019.823577,2,'info','Analyzed 2100 files containing 50.38 MB of data so far'),(47984,1451683020.648098,2,'info','Analyzed 2200 files containing 51.78 MB of data so far'),(47985,1451683021.142528,2,'info','Analyzed 2300 files containing 52.53 MB of data so far'),(47986,1451683021.638273,2,'info','Analyzed 2400 files containing 52.68 MB of data so far'),(47987,1451683026.078195,2,'info','Analyzed 2500 files containing 53.63 MB of data so far'),(47988,1451683026.513408,2,'info','Analyzed 2600 files containing 54.85 MB of data so far'),(47989,1451683027.308585,2,'info','Analyzed 2700 files containing 56.71 MB of data so far'),(47990,1451683027.665997,2,'info','Analyzed 2800 files containing 57.28 MB of data so far'),(47991,1451683028.231482,2,'info','Analyzed 2900 files containing 57.98 MB of data so far'),(47992,1451683028.620379,2,'info','Analyzed 3000 files containing 59.9 MB of data so far'),(47993,1451683028.993021,2,'info','Analyzed 3100 files containing 60.45 MB of data so far'),(47994,1451683029.444722,2,'info','Analyzed 3200 files containing 62.17 MB of data so far'),(47995,1451683029.959717,2,'info','Analyzed 3300 files containing 64.65 MB of data so far'),(47996,1451683030.366820,2,'info','Analyzed 3400 files containing 64.89 MB of data so far'),(47997,1451683030.586340,2,'info','Analyzed 3500 files containing 64.95 MB of data so far'),(47998,1451683030.732726,2,'info','Analyzed 3600 files containing 65.01 MB of data so far'),(47999,1451683030.959008,2,'info','Analyzed 3700 files containing 65.07 MB of data so far'),(48000,1451683032.297310,2,'info','Analyzed 3800 files containing 94.12 MB of data so far'),(48001,1451683032.989958,2,'info','Analyzed 3900 files containing 97.18 MB of data so far'),(48002,1451683033.597894,2,'info','Analyzed 4000 files containing 98.49 MB of data so far'),(48003,1451683034.106554,2,'info','Analyzed 4100 files containing 99.28 MB of data so far'),(48004,1451683034.709241,2,'info','Analyzed 4200 files containing 102.62 MB of data so far'),(48005,1451683035.633971,2,'info','Analyzed 4300 files containing 106.83 MB of data so far'),(48006,1451683036.052463,2,'info','Analyzed 4400 files containing 108.63 MB of data so far'),(48007,1451683036.732141,2,'info','Analyzed 4500 files containing 111.97 MB of data so far'),(48008,1451683037.016998,2,'info','Analyzed 4600 files containing 113.11 MB of data so far'),(48009,1451683037.521230,2,'info','Analyzed 4700 files containing 114.34 MB of data so far'),(48010,1451683038.374285,2,'info','Analyzed 4800 files containing 119.3 MB of data so far'),(47829,1451592967.746939,2,'info','Analyzed 4800 files containing 119.02 MB of data so far'),(47614,1451515746.758779,2,'info','Analyzed 1200 files containing 32.46 MB of data so far'),(47613,1451515746.472654,2,'info','Analyzed 1100 files containing 31.51 MB of data so far'),(47612,1451515745.820668,2,'info','Analyzed 1000 files containing 26.22 MB of data so far'),(47611,1451515745.350977,2,'info','Analyzed 900 files containing 25.5 MB of data so far'),(47828,1451592966.815461,2,'info','Analyzed 4700 files containing 114.05 MB of data so far'),(47610,1451515744.918914,2,'info','Analyzed 800 files containing 25.2 MB of data so far'),(47399,1451413953.260004,2,'info','Wordfence used 58.06MB of memory for scan. Server peak memory usage was: 106.59MB'),(47948,1451683003.110405,10,'info','SUM_START:Scanning your site for the HeartBleed vulnerability'),(47397,1451413953.125931,1,'info','Scan Complete. Scanned 7686 files, 35 plugins, 6 themes, 127 pages, 151 comments and 250731 records in 144 seconds.'),(47396,1451413953.125537,1,'info','-------------------'),(47827,1451592966.032850,2,'info','Analyzed 4600 files containing 112.83 MB of data so far'),(47826,1451592965.753543,2,'info','Analyzed 4500 files containing 111.69 MB of data so far'),(47825,1451592965.241048,2,'info','Analyzed 4400 files containing 108.35 MB of data so far'),(47949,1451683007.025051,10,'info','SUM_ENDOK:Scanning your site for the HeartBleed vulnerability'),(47950,1451683007.026746,1,'info','Contacting Wordfence to initiate scan'),(47951,1451683007.331887,2,'info','Getting plugin list from WordPress'),(47392,1451413947.997065,2,'info','The disk has 548424.77 MB space available'),(47391,1451413947.991253,2,'info','Total disk space: 1494.5976GB -- Free disk space: 535.5711GB'),(48036,1451683065.952939,2,'info','Analyzed 7400 files containing 311.03 MB of data so far'),(48035,1451683065.504554,2,'info','Analyzed 7300 files containing 310.72 MB of data so far'),(47839,1451592978.504607,2,'info','Analyzed 5800 files containing 194.73 MB of data so far'),(47466,1451498527.988863,2,'info','Analyzed 4700 files containing 113.89 MB of data so far'),(47467,1451498529.791719,2,'info','Analyzed 4800 files containing 118.86 MB of data so far'),(48037,1451683066.469857,2,'info','Analyzed 7500 files containing 312.59 MB of data so far'),(47840,1451592979.434259,2,'info','Analyzed 5900 files containing 206.67 MB of data so far'),(47400,1451498472.331967,1,'info','Scheduled Wordfence scan starting at Wednesday 30th of December 2015 08:01:12 PM'),(47841,1451592980.944361,2,'info','Analyzed 6000 files containing 230.2 MB of data so far'),(47465,1451498527.611904,2,'info','Analyzed 4600 files containing 112.66 MB of data so far'),(47464,1451498527.175258,2,'info','Analyzed 4500 files containing 111.53 MB of data so far'),(47947,1451683001.079942,10,'info','SUM_PAIDONLY:Checking if your IP is generating spam is for paid members only'),(47952,1451683007.332487,2,'info','Found 35 plugins'),(47954,1451683007.408101,2,'info','Found 6 themes'),(47953,1451683007.334321,2,'info','Getting theme list from WordPress'),(47838,1451592977.782699,2,'info','Analyzed 5700 files containing 185.77 MB of data so far'),(47388,1451413947.986459,2,'info','Scanning DNS MX record for tradinghubonline.com'),(47387,1451413947.984161,2,'info','Scanning DNS A record for tradinghubonline.com'),(48077,1451683104.840999,2,'info','Scanned contents of 774 additional files at 21.30 per second'),(48075,1451683102.808924,2,'info','Scanned contents of 722 additional files at 21.04 per second'),(48076,1451683103.814998,2,'info','Scanned contents of 749 additional files at 21.21 per second'),(47442,1451498506.631002,2,'info','Analyzed 2300 files containing 52.08 MB of data so far'),(47441,1451498506.074728,2,'info','Analyzed 2200 files containing 51.33 MB of data so far'),(47440,1451498505.678158,2,'info','Analyzed 2100 files containing 49.93 MB of data so far'),(47439,1451498505.192919,2,'info','Analyzed 2000 files containing 48.83 MB of data so far'),(47621,1451515750.067365,2,'info','Analyzed 1900 files containing 47.2 MB of data so far'),(47622,1451515750.561901,2,'info','Analyzed 2000 files containing 48.85 MB of data so far'),(47623,1451515751.109415,2,'info','Analyzed 2100 files containing 49.96 MB of data so far'),(47624,1451515751.419921,2,'info','Analyzed 2200 files containing 51.35 MB of data so far'),(47625,1451515751.798025,2,'info','Analyzed 2300 files containing 52.1 MB of data so far'),(47626,1451515752.044925,2,'info','Analyzed 2400 files containing 52.25 MB of data so far'),(47627,1451515752.602423,2,'info','Analyzed 2500 files containing 53.2 MB of data so far'),(47628,1451515755.690500,2,'info','Analyzed 2600 files containing 54.42 MB of data so far'),(47629,1451515756.191282,2,'info','Analyzed 2700 files containing 56.28 MB of data so far'),(47630,1451515756.490122,2,'info','Analyzed 2800 files containing 56.85 MB of data so far'),(47631,1451515756.938473,2,'info','Analyzed 2900 files containing 57.55 MB of data so far'),(47632,1451515757.410834,2,'info','Analyzed 3000 files containing 59.48 MB of data so far'),(47633,1451515757.974397,2,'info','Analyzed 3100 files containing 60.02 MB of data so far'),(47634,1451515758.317769,2,'info','Analyzed 3200 files containing 61.74 MB of data so far'),(47635,1451515758.936429,2,'info','Analyzed 3300 files containing 64.22 MB of data so far'),(47636,1451515759.453872,2,'info','Analyzed 3400 files containing 64.47 MB of data so far'),(47637,1451515759.708776,2,'info','Analyzed 3500 files containing 64.53 MB of data so far'),(47638,1451515759.948521,2,'info','Analyzed 3600 files containing 64.59 MB of data so far'),(47639,1451515760.108739,2,'info','Analyzed 3700 files containing 64.65 MB of data so far'),(47640,1451515761.345848,2,'info','Analyzed 3800 files containing 93.69 MB of data so far'),(47641,1451515761.854720,2,'info','Analyzed 3900 files containing 96.75 MB of data so far'),(47642,1451515762.545806,2,'info','Analyzed 4000 files containing 98.06 MB of data so far'),(47643,1451515763.026405,2,'info','Analyzed 4100 files containing 98.85 MB of data so far'),(47644,1451515763.501343,2,'info','Analyzed 4200 files containing 102.19 MB of data so far'),(47645,1451515764.249642,2,'info','Analyzed 4300 files containing 106.4 MB of data so far'),(47646,1451515764.756827,2,'info','Analyzed 4400 files containing 108.21 MB of data so far'),(47647,1451515765.368780,2,'info','Analyzed 4500 files containing 111.55 MB of data so far'),(47648,1451515765.626293,2,'info','Analyzed 4600 files containing 112.68 MB of data so far'),(47649,1451515766.073482,2,'info','Analyzed 4700 files containing 113.91 MB of data so far'),(47650,1451515766.688669,2,'info','Analyzed 4800 files containing 118.88 MB of data so far'),(47651,1451515767.582765,2,'info','Analyzed 4900 files containing 125.77 MB of data so far'),(47652,1451515768.534292,2,'info','Analyzed 5000 files containing 132.92 MB of data so far'),(47653,1451515769.341170,2,'info','Analyzed 5100 files containing 138.56 MB of data so far'),(47654,1451515770.104932,2,'info','Analyzed 5200 files containing 145.55 MB of data so far'),(47655,1451515774.668789,2,'info','Analyzed 5300 files containing 154.11 MB of data so far'),(47656,1451515775.478667,2,'info','Analyzed 5400 files containing 163.28 MB of data so far'),(47657,1451515776.288684,2,'info','Analyzed 5500 files containing 171.05 MB of data so far'),(47658,1451515776.945659,2,'info','Analyzed 5600 files containing 177.4 MB of data so far'),(47659,1451515777.754780,2,'info','Analyzed 5700 files containing 185.63 MB of data so far'),(47660,1451515778.564236,2,'info','Analyzed 5800 files containing 194.58 MB of data so far'),(47661,1451515779.440589,2,'info','Analyzed 5900 files containing 206.53 MB of data so far'),(47662,1451515780.536252,2,'info','Analyzed 6000 files containing 230.06 MB of data so far'),(47663,1451515781.663829,2,'info','Analyzed 6100 files containing 240.68 MB of data so far'),(47664,1451515782.380107,2,'info','Analyzed 6200 files containing 249.02 MB of data so far'),(47665,1451515783.001670,2,'info','Analyzed 6300 files containing 255.4 MB of data so far'),(47666,1451515783.795414,2,'info','Analyzed 6400 files containing 261.27 MB of data so far'),(47667,1451515784.439239,2,'info','Analyzed 6500 files containing 267.92 MB of data so far'),(47668,1451515785.150341,2,'info','Analyzed 6600 files containing 275.96 MB of data so far'),(47480,1451498547.806097,2,'info','Analyzed 6100 files containing 240.66 MB of data so far'),(47481,1451498549.048131,2,'info','Analyzed 6200 files containing 249 MB of data so far'),(47482,1451498550.282200,2,'info','Analyzed 6300 files containing 255.38 MB of data so far'),(47483,1451498551.214305,2,'info','Analyzed 6400 files containing 261.25 MB of data so far'),(47484,1451498552.266945,2,'info','Analyzed 6500 files containing 267.9 MB of data so far'),(47485,1451498553.039607,2,'info','Analyzed 6600 files containing 275.94 MB of data so far'),(47486,1451498553.808275,2,'info','Analyzed 6700 files containing 281.99 MB of data so far'),(47487,1451498554.553403,2,'info','Analyzed 6800 files containing 287.55 MB of data so far'),(47488,1451498555.318297,2,'info','Analyzed 6900 files containing 292.74 MB of data so far'),(47489,1451498555.848372,2,'info','Analyzed 7000 files containing 297.71 MB of data so far'),(47490,1451498559.949148,2,'info','Analyzed 7100 files containing 302.35 MB of data so far'),(47491,1451498560.848767,2,'info','Analyzed 7200 files containing 306.43 MB of data so far'),(47492,1451498561.237553,2,'info','Analyzed 7300 files containing 308.49 MB of data so far'),(47493,1451498561.640104,2,'info','Analyzed 7400 files containing 309.06 MB of data so far'),(47494,1451498562.567971,2,'info','Analyzed 7500 files containing 310.55 MB of data so far'),(47495,1451498563.133251,2,'info','Analyzed 7600 files containing 311.69 MB of data so far'),(47496,1451498563.689325,2,'info','Analyzed 7686 files containing 314.42 MB of data.'),(47501,1451498564.452248,2,'info','Starting scan of file contents'),(47502,1451498565.471088,2,'info','Scanned contents of 40 additional files at 39.29 per second'),(47503,1451498566.542393,2,'info','Scanned contents of 68 additional files at 32.54 per second'),(47504,1451498567.635738,2,'info','Scanned contents of 91 additional files at 28.59 per second'),(47505,1451498568.673835,2,'info','Scanned contents of 128 additional files at 30.33 per second'),(47506,1451498569.678260,2,'info','Scanned contents of 143 additional files at 27.37 per second'),(47507,1451498570.835055,2,'info','Scanned contents of 148 additional files at 23.19 per second'),(47525,1451498590.964100,2,'info','Scanned contents of 653 additional files at 24.63 per second'),(47510,1451498573.866101,2,'info','Scanned contents of 283 additional files at 30.06 per second'),(47509,1451498572.856254,2,'info','Scanned contents of 227 additional files at 27.01 per second'),(47523,1451498588.777699,2,'info','Scanned contents of 628 additional files at 25.82 per second'),(47524,1451498589.896082,2,'info','Scanned contents of 639 additional files at 25.11 per second'),(47522,1451498587.766769,2,'info','Scanned contents of 616 additional files at 26.42 per second'),(47519,1451498584.672867,2,'info','Scanned contents of 584 additional files at 28.88 per second'),(47520,1451498585.678116,2,'info','Scanned contents of 594 additional files at 27.99 per second'),(47521,1451498586.706981,2,'info','Scanned contents of 604 additional files at 27.14 per second'),(47518,1451498583.625699,2,'info','Scanned contents of 546 additional files at 28.48 per second'),(47514,1451498579.598474,2,'info','Scanned contents of 413 additional files at 27.27 per second'),(47515,1451498580.602383,2,'info','Scanned contents of 454 additional files at 28.11 per second'),(47516,1451498581.613439,2,'info','Scanned contents of 490 additional files at 28.55 per second'),(47517,1451498582.625061,2,'info','Scanned contents of 508 additional files at 27.95 per second'),(47513,1451498578.578434,2,'info','Scanned contents of 372 additional files at 26.34 per second'),(47512,1451498577.530007,2,'info','Scanned contents of 342 additional files at 26.15 per second'),(47511,1451498574.873411,2,'info','Scanned contents of 332 additional files at 31.86 per second'),(47508,1451498571.846617,2,'info','Scanned contents of 170 additional files at 22.99 per second'),(47717,1451515836.284978,2,'info','Scanned contents of 780 additional files at 19.24 per second'),(47716,1451515835.254696,2,'info','Scanned contents of 758 additional files at 19.19 per second'),(47715,1451515834.253653,2,'info','Scanned contents of 726 additional files at 18.86 per second'),(47718,1451515837.359744,2,'info','Scanned contents of 793 additional files at 19.06 per second'),(47719,1451515838.677985,2,'info','Scanned contents of 805 additional files at 18.75 per second'),(47720,1451515839.982311,2,'info','Scanned contents of 821 additional files at 18.56 per second'),(47721,1451515840.041229,2,'info','Scanned contents of 834 additional files at 18.83 per second'),(47722,1451515840.041604,2,'info','Asking Wordfence to check URL\'s against malware list.'),(47723,1451515840.048911,2,'info','Checking 804 host keys against Wordfence scanning servers.'),(47724,1451515840.444661,2,'info','Done host key check.'),(47725,1451515840.449542,2,'info','Checking 79 URLs from 31 sources.'),(47726,1451515841.047540,2,'info','Done URL check.'),(47727,1451515841.063293,2,'info','Done file contents scan'),(47728,1451515841.064182,10,'info','SUM_ENDOK:Scanning file contents for infections and vulnerabilities'),(47729,1451515841.066604,10,'info','SUM_ENDOK:Scanning files for URLs in Google\'s Safe Browsing List'),(47730,1451515841.070065,10,'info','SUM_START:Scanning database for infections and vulnerabilities'),(47731,1451515841.377776,2,'info','Starting scan of database'),(47732,1451515850.645194,2,'info','Done database scan'),(47733,1451515850.646085,10,'info','SUM_ENDOK:Scanning database for infections and vulnerabilities'),(47734,1451515850.649784,10,'info','SUM_START:Scanning posts for URL\'s in Google\'s Safe Browsing List'),(47735,1451515850.963241,2,'info','Examining URLs found in posts we scanned for dangerous websites'),(47736,1451515850.963961,2,'info','Checking 13 host keys against Wordfence scanning servers.'),(47737,1451515851.347776,2,'info','Done host key check.'),(47738,1451515851.348585,2,'info','Done examining URLs'),(47739,1451515851.362911,10,'info','SUM_ENDOK:Scanning posts for URL\'s in Google\'s Safe Browsing List'),(47740,1451515851.369975,10,'info','SUM_START:Scanning comments for URL\'s in Google\'s Safe Browsing List'),(47741,1451515851.422905,2,'info','Checking 1 host keys against Wordfence scanning servers.'),(47742,1451515851.740064,2,'info','Done host key check.'),(47743,1451515851.750994,10,'info','SUM_ENDOK:Scanning comments for URL\'s in Google\'s Safe Browsing List'),(47744,1451515851.763412,10,'info','SUM_START:Scanning for weak passwords'),(47745,1451515851.764048,2,'info','Starting password strength check on 26 users.'),(47746,1451515852.713170,10,'info','SUM_ENDOK:Scanning for weak passwords'),(47747,1451515852.716017,10,'info','SUM_START:Scanning DNS for unauthorized changes'),(47748,1451515852.716601,2,'info','Starting DNS scan for tradinghubonline.com'),(47749,1451515852.754105,2,'info','Scanning DNS A record for tradinghubonline.com'),(47750,1451515852.756232,2,'info','Scanning DNS MX record for tradinghubonline.com'),(47751,1451515852.757597,10,'info','SUM_ENDOK:Scanning DNS for unauthorized changes'),(47752,1451515852.772644,10,'info','SUM_START:Scanning to check available disk space'),(47753,1451515852.773068,2,'info','Total disk space: 1494.5976GB -- Free disk space: 536.5896GB'),(47754,1451515852.773334,2,'info','The disk has 549467.76 MB space available'),(47755,1451515852.773840,10,'info','SUM_ENDOK:Scanning to check available disk space'),(47756,1451515852.776603,10,'info','SUM_START:Scanning for old themes, plugins and core files'),(47757,1451515853.000971,10,'info','SUM_ENDBAD:Scanning for old themes, plugins and core files'),(47758,1451515853.288275,1,'info','-------------------'),(47759,1451515853.288563,1,'info','Scan Complete. Scanned 7686 files, 35 plugins, 6 themes, 127 pages, 151 comments and 251046 records in 126 seconds.'),(47760,1451515853.288815,10,'info','SUM_FINAL:Scan complete. You have 10 new issues to fix. See below.'),(47761,1451515853.303356,2,'info','Wordfence used 58.07MB of memory for scan. Server peak memory usage was: 106.59MB'),(47472,1451498534.677420,2,'info','Analyzed 5300 files containing 154.09 MB of data so far'),(47833,1451592974.390213,2,'info','Analyzed 5200 files containing 145.69 MB of data so far'),(47831,1451592969.406120,2,'info','Analyzed 5000 files containing 133.06 MB of data so far'),(47832,1451592970.138062,2,'info','Analyzed 5100 files containing 138.71 MB of data so far'),(47429,1451498495.697686,2,'info','Analyzed 1000 files containing 26.2 MB of data so far'),(47428,1451498495.193617,2,'info','Analyzed 900 files containing 25.48 MB of data so far'),(47427,1451498494.557780,2,'info','Analyzed 800 files containing 25.18 MB of data so far'),(48024,1451683054.092005,2,'info','Analyzed 6200 files containing 249.45 MB of data so far'),(47478,1451498545.356966,2,'info','Analyzed 5900 files containing 206.51 MB of data so far'),(47479,1451498546.671060,2,'info','Analyzed 6000 files containing 230.04 MB of data so far'),(47111,1451330444.415644,2,'info','Analyzed 5800 files containing 194.34 MB of data so far'),(47110,1451330443.013835,2,'info','Analyzed 5700 files containing 185.39 MB of data so far'),(47830,1451592968.713408,2,'info','Analyzed 4900 files containing 125.91 MB of data so far'),(47766,1451592918.720413,10,'info','SUM_PAIDONLY:Checking if your IP is generating spam is for paid members only'),(47109,1451330442.070331,2,'info','Analyzed 5600 files containing 177.16 MB of data so far'),(47767,1451592920.748836,10,'info','SUM_START:Scanning your site for the HeartBleed vulnerability'),(47217,1451413806.198231,1,'info','Scheduled Wordfence scan starting at Tuesday 29th of December 2015 08:30:06 PM'),(47108,1451330441.442435,2,'info','Analyzed 5500 files containing 170.81 MB of data so far'),(47335,1451413908.379237,2,'info','Scanned contents of 584 additional files at 27.39 per second'),(47336,1451413909.508212,2,'info','Scanned contents of 594 additional files at 26.46 per second'),(47107,1451330440.621428,2,'info','Analyzed 5400 files containing 163.05 MB of data so far'),(47438,1451498504.632514,2,'info','Analyzed 1900 files containing 47.18 MB of data so far'),(47337,1451413910.515490,2,'info','Scanned contents of 600 additional files at 25.58 per second'),(47104,1451330438.132937,2,'info','Analyzed 5100 files containing 138.33 MB of data so far'),(47105,1451330438.880328,2,'info','Analyzed 5200 files containing 145.31 MB of data so far'),(47106,1451330439.757053,2,'info','Analyzed 5300 files containing 153.87 MB of data so far'),(47338,1451413911.584878,2,'info','Scanned contents of 615 additional files at 25.08 per second'),(47898,1451593038.514672,2,'info','Scanned contents of 773 additional files at 19.17 per second'),(47897,1451593037.505812,2,'info','Scanned contents of 744 additional files at 18.92 per second'),(47896,1451593036.500102,2,'info','Scanned contents of 721 additional files at 18.82 per second'),(47339,1451413912.647745,2,'info','Scanned contents of 624 additional files at 24.39 per second'),(47437,1451498504.094754,2,'info','Analyzed 1800 files containing 45.56 MB of data so far'),(47436,1451498503.464663,2,'info','Analyzed 1700 files containing 43.77 MB of data so far'),(47435,1451498500.071923,2,'info','Analyzed 1600 files containing 43.04 MB of data so far'),(47340,1451413915.610329,2,'info','Scanned contents of 630 additional files at 22.07 per second'),(47341,1451413916.649910,2,'info','Scanned contents of 644 additional files at 21.76 per second'),(47103,1451330437.430668,2,'info','Analyzed 5000 files containing 132.68 MB of data so far'),(47342,1451413917.859080,2,'info','Scanned contents of 656 additional files at 21.30 per second'),(47102,1451330436.524117,2,'info','Analyzed 4900 files containing 125.53 MB of data so far'),(48039,1451683067.716405,2,'info','Analyzed 7700 files containing 316.62 MB of data so far'),(47407,1451498485.067563,1,'info','Contacting Wordfence to initiate scan'),(47408,1451498485.367266,2,'info','Getting plugin list from WordPress'),(48040,1451683067.741643,2,'info','Analyzed 7709 files containing 316.67 MB of data.'),(48041,1451683067.742293,10,'info','SUM_ENDOK:Comparing core WordPress files against originals in repository'),(47409,1451498485.367864,2,'info','Found 35 plugins'),(47410,1451498485.369664,2,'info','Getting theme list from WordPress'),(47411,1451498485.370167,2,'info','Found 6 themes'),(48042,1451683068.095690,10,'info','SUM_ENDOK:Scanning for known malware files'),(48043,1451683068.119892,10,'info','SUM_START:Scanning file contents for infections and vulnerabilities'),(48044,1451683068.121402,10,'info','SUM_START:Scanning files for URLs in Google\'s Safe Browsing List'),(48046,1451683069.500924,2,'info','Scanned contents of 42 additional files at 41.85 per second'),(48045,1451683068.496681,2,'info','Starting scan of file contents'),(48047,1451683070.548591,2,'info','Scanned contents of 68 additional files at 33.15 per second'),(48048,1451683071.566757,2,'info','Scanned contents of 91 additional files at 29.65 per second'),(47282,1451413852.197216,2,'info','Analyzed 4600 files containing 112.56 MB of data so far'),(47283,1451413852.529237,2,'info','Analyzed 4700 files containing 113.79 MB of data so far'),(48049,1451683072.570407,2,'info','Scanned contents of 138 additional files at 33.88 per second'),(48050,1451683073.640224,2,'info','Scanned contents of 147 additional files at 28.58 per second'),(48051,1451683074.659649,2,'info','Scanned contents of 175 additional files at 28.40 per second'),(47420,1451498488.404356,2,'info','Analyzed 100 files containing 1.21 MB of data so far'),(48054,1451683077.717858,2,'info','Scanned contents of 331 additional files at 35.90 per second'),(48052,1451683075.677250,2,'info','Scanned contents of 227 additional files at 31.62 per second'),(48053,1451683076.714339,2,'info','Scanned contents of 280 additional files at 34.08 per second'),(47421,1451498488.847791,2,'info','Analyzed 200 files containing 2.9 MB of data so far'),(47422,1451498489.444103,2,'info','Analyzed 300 files containing 5.22 MB of data so far'),(48055,1451683080.244766,2,'info','Scanned contents of 348 additional files at 29.62 per second'),(47423,1451498490.179952,2,'info','Analyzed 400 files containing 5.88 MB of data so far'),(47424,1451498493.141021,2,'info','Analyzed 500 files containing 23.7 MB of data so far'),(47425,1451498493.747661,2,'info','Analyzed 600 files containing 23.74 MB of data so far'),(47426,1451498494.054832,2,'info','Analyzed 700 files containing 24.09 MB of data so far'),(48057,1451683082.267595,2,'info','Scanned contents of 387 additional files at 28.10 per second'),(48056,1451683081.263034,2,'info','Scanned contents of 375 additional files at 29.38 per second'),(48058,1451683083.280048,2,'info','Scanned contents of 450 additional files at 30.44 per second'),(48059,1451683084.299352,2,'info','Scanned contents of 493 additional files at 31.20 per second'),(47253,1451413831.373596,2,'info','Analyzed 1700 files containing 43.67 MB of data so far'),(47254,1451413831.846462,2,'info','Analyzed 1800 files containing 45.46 MB of data so far'),(47255,1451413832.277668,2,'info','Analyzed 1900 files containing 47.08 MB of data so far'),(47256,1451413832.962471,2,'info','Analyzed 2000 files containing 48.72 MB of data so far'),(47257,1451413833.394757,2,'info','Analyzed 2100 files containing 49.83 MB of data so far'),(47258,1451413833.807019,2,'info','Analyzed 2200 files containing 51.23 MB of data so far'),(47259,1451413834.509073,2,'info','Analyzed 2300 files containing 51.98 MB of data so far'),(47260,1451413834.930502,2,'info','Analyzed 2400 files containing 52.13 MB of data so far'),(47261,1451413835.433006,2,'info','Analyzed 2500 files containing 53.08 MB of data so far'),(47262,1451413839.978405,2,'info','Analyzed 2600 files containing 54.3 MB of data so far'),(47263,1451413840.474690,2,'info','Analyzed 2700 files containing 56.16 MB of data so far'),(47264,1451413840.791674,2,'info','Analyzed 2800 files containing 56.73 MB of data so far'),(47265,1451413841.224390,2,'info','Analyzed 2900 files containing 57.43 MB of data so far'),(47266,1451413841.829012,2,'info','Analyzed 3000 files containing 59.36 MB of data so far'),(47267,1451413842.841015,2,'info','Analyzed 3100 files containing 59.9 MB of data so far'),(47268,1451413843.321528,2,'info','Analyzed 3200 files containing 61.62 MB of data so far'),(47671,1451515787.261764,2,'info','Analyzed 6900 files containing 292.76 MB of data so far'),(47669,1451515785.827255,2,'info','Analyzed 6700 files containing 282.02 MB of data so far'),(47670,1451515786.595103,2,'info','Analyzed 6800 files containing 287.57 MB of data so far'),(47269,1451413843.933169,2,'info','Analyzed 3300 files containing 64.1 MB of data so far'),(47270,1451413844.324151,2,'info','Analyzed 3400 files containing 64.34 MB of data so far'),(47882,1451593019.870781,2,'info','Scanned contents of 613 additional files at 28.27 per second'),(47881,1451593018.835359,2,'info','Scanned contents of 599 additional files at 29.01 per second'),(47880,1451593017.816348,2,'info','Scanned contents of 593 additional files at 30.21 per second'),(47357,1451413935.601323,2,'info','Scanned contents of 814 additional files at 16.77 per second'),(47874,1451593011.497003,2,'info','Scanned contents of 364 additional files at 27.35 per second'),(47873,1451593008.771642,2,'info','Scanned contents of 357 additional files at 33.73 per second'),(47879,1451593016.684892,2,'info','Scanned contents of 575 additional files at 31.09 per second'),(47875,1451593012.571801,2,'info','Scanned contents of 385 additional files at 26.77 per second'),(47876,1451593013.606469,2,'info','Scanned contents of 450 additional files at 29.19 per second'),(47877,1451593014.638006,2,'info','Scanned contents of 490 additional files at 29.79 per second'),(47878,1451593015.648686,2,'info','Scanned contents of 515 additional files at 29.50 per second'),(48011,1451683039.309219,2,'info','Analyzed 4900 files containing 126.2 MB of data so far'),(48012,1451683040.097082,2,'info','Analyzed 5000 files containing 133.34 MB of data so far'),(48013,1451683045.005146,2,'info','Analyzed 5100 files containing 138.99 MB of data so far'),(48014,1451683045.745684,2,'info','Analyzed 5200 files containing 145.97 MB of data so far'),(48015,1451683046.609868,2,'info','Analyzed 5300 files containing 154.53 MB of data so far'),(48016,1451683047.349521,2,'info','Analyzed 5400 files containing 163.71 MB of data so far'),(48017,1451683047.991475,2,'info','Analyzed 5500 files containing 171.47 MB of data so far'),(48018,1451683048.624287,2,'info','Analyzed 5600 files containing 177.83 MB of data so far'),(48019,1451683049.250961,2,'info','Analyzed 5700 files containing 186.05 MB of data so far'),(48020,1451683050.004647,2,'info','Analyzed 5800 files containing 195.01 MB of data so far'),(48021,1451683050.910697,2,'info','Analyzed 5900 files containing 206.96 MB of data so far'),(48022,1451683051.989893,2,'info','Analyzed 6000 files containing 230.49 MB of data so far'),(47228,1451413820.448718,2,'info','Found 6 themes'),(47226,1451413820.445231,2,'info','Found 35 plugins'),(47227,1451413820.447983,2,'info','Getting theme list from WordPress'),(47225,1451413820.444282,2,'info','Getting plugin list from WordPress'),(47224,1451413820.118749,1,'info','Contacting Wordfence to initiate scan'),(48023,1451683053.227276,2,'info','Analyzed 6100 files containing 241.11 MB of data so far'),(47899,1451593039.556906,2,'info','Scanned contents of 789 additional files at 19.07 per second'),(47900,1451593040.603280,2,'info','Scanned contents of 801 additional files at 18.88 per second'),(47901,1451593041.612929,2,'info','Scanned contents of 811 additional files at 18.68 per second'),(47902,1451593042.549812,2,'info','Scanned contents of 834 additional files at 18.80 per second'),(47903,1451593042.550232,2,'info','Asking Wordfence to check URL\'s against malware list.'),(47904,1451593042.557587,2,'info','Checking 804 host keys against Wordfence scanning servers.'),(47905,1451593043.022509,2,'info','Done host key check.'),(47906,1451593043.027938,2,'info','Checking 79 URLs from 31 sources.'),(47907,1451593051.610737,2,'info','Done URL check.'),(47908,1451593054.884924,2,'info','Done file contents scan'),(47909,1451593054.885514,10,'info','SUM_ENDOK:Scanning file contents for infections and vulnerabilities'),(47910,1451593054.887319,10,'info','SUM_ENDOK:Scanning files for URLs in Google\'s Safe Browsing List'),(47911,1451593054.905281,10,'info','SUM_START:Scanning database for infections and vulnerabilities'),(47912,1451593055.270607,2,'info','Starting scan of database'),(47913,1451593061.891437,2,'info','Done database scan'),(47914,1451593061.892613,10,'info','SUM_ENDOK:Scanning database for infections and vulnerabilities'),(47915,1451593061.895762,10,'info','SUM_START:Scanning posts for URL\'s in Google\'s Safe Browsing List'),(47916,1451593062.139621,2,'info','Examining URLs found in posts we scanned for dangerous websites'),(47917,1451593062.140407,2,'info','Checking 13 host keys against Wordfence scanning servers.'),(47918,1451593062.518929,2,'info','Done host key check.'),(47919,1451593062.519430,2,'info','Done examining URLs'),(47920,1451593062.531108,10,'info','SUM_ENDOK:Scanning posts for URL\'s in Google\'s Safe Browsing List'),(47921,1451593062.533928,10,'info','SUM_START:Scanning comments for URL\'s in Google\'s Safe Browsing List'),(47922,1451593062.659526,2,'info','Checking 1 host keys against Wordfence scanning servers.'),(47923,1451593063.008335,2,'info','Done host key check.'),(47924,1451593063.020436,10,'info','SUM_ENDOK:Scanning comments for URL\'s in Google\'s Safe Browsing List'),(47925,1451593063.023422,10,'info','SUM_START:Scanning for weak passwords'),(47926,1451593063.024048,2,'info','Starting password strength check on 26 users.'),(47927,1451593064.007487,10,'info','SUM_ENDOK:Scanning for weak passwords'),(47928,1451593064.010685,10,'info','SUM_START:Scanning DNS for unauthorized changes'),(47929,1451593064.011245,2,'info','Starting DNS scan for tradinghubonline.com'),(47930,1451593064.041708,2,'info','Scanning DNS A record for tradinghubonline.com'),(47931,1451593064.043436,2,'info','Scanning DNS MX record for tradinghubonline.com'),(47932,1451593064.044791,10,'info','SUM_ENDOK:Scanning DNS for unauthorized changes'),(47933,1451593064.047763,10,'info','SUM_START:Scanning to check available disk space'),(47934,1451593064.048162,2,'info','Total disk space: 1494.5976GB -- Free disk space: 536.2908GB'),(47935,1451593064.048424,2,'info','The disk has 549161.75 MB space available'),(47936,1451593064.048926,10,'info','SUM_ENDOK:Scanning to check available disk space'),(47937,1451593064.051470,10,'info','SUM_START:Scanning for old themes, plugins and core files'),(47938,1451593065.429802,10,'info','SUM_ENDBAD:Scanning for old themes, plugins and core files'),(47939,1451593065.881802,1,'info','-------------------'),(47940,1451593065.882409,1,'info','Scan Complete. Scanned 7686 files, 35 plugins, 6 themes, 127 pages, 151 comments and 250992 records in 151 seconds.'),(47941,1451593065.882742,10,'info','SUM_FINAL:Scan complete. You have 10 new issues to fix. See below.'),(47942,1451593065.900340,2,'info','Wordfence used 58.07MB of memory for scan. Server peak memory usage was: 106.59MB'),(47557,1451498623.044253,2,'info','Checking 13 host keys against Wordfence scanning servers.'),(47558,1451498623.354492,2,'info','Done host key check.'),(47559,1451498623.355396,2,'info','Done examining URLs'),(47526,1451498592.057210,2,'info','Scanned contents of 665 additional files at 24.09 per second'),(47527,1451498595.612460,2,'info','Scanned contents of 672 additional files at 21.57 per second'),(47528,1451498596.635940,2,'info','Scanned contents of 683 additional files at 21.22 per second'),(47529,1451498597.861326,2,'info','Scanned contents of 692 additional files at 20.71 per second'),(47530,1451498598.876611,2,'info','Scanned contents of 697 additional files at 20.25 per second'),(47531,1451498600.064769,2,'info','Scanned contents of 705 additional files at 19.80 per second'),(47532,1451498601.156292,2,'info','Scanned contents of 710 additional files at 19.34 per second'),(47533,1451498602.180465,2,'info','Scanned contents of 715 additional files at 18.95 per second'),(47534,1451498603.340009,2,'info','Scanned contents of 720 additional files at 18.52 per second'),(47535,1451498604.357890,2,'info','Scanned contents of 728 additional files at 18.24 per second'),(47536,1451498605.381972,2,'info','Scanned contents of 763 additional files at 18.64 per second'),(47537,1451498606.480864,2,'info','Scanned contents of 786 additional files at 18.70 per second'),(47538,1451498607.483012,2,'info','Scanned contents of 792 additional files at 18.41 per second'),(47539,1451498608.587263,2,'info','Scanned contents of 802 additional files at 18.17 per second'),(47540,1451498609.592238,2,'info','Scanned contents of 812 additional files at 17.99 per second'),(47541,1451498610.604992,2,'info','Scanned contents of 822 additional files at 17.81 per second'),(47542,1451498610.640604,2,'info','Scanned contents of 834 additional files at 18.06 per second'),(47543,1451498610.641044,2,'info','Asking Wordfence to check URL\'s against malware list.'),(47544,1451498610.650881,2,'info','Checking 804 host keys against Wordfence scanning servers.'),(47545,1451498611.047696,2,'info','Done host key check.'),(47546,1451498611.055107,2,'info','Checking 79 URLs from 31 sources.'),(47547,1451498611.787323,2,'info','Done URL check.'),(47548,1451498615.418995,2,'info','Done file contents scan'),(47552,1451498615.825549,2,'info','Starting scan of database'),(47553,1451498622.829196,2,'info','Done database scan'),(47556,1451498623.032586,2,'info','Examining URLs found in posts we scanned for dangerous websites');

--
-- Table structure for table `wp_wfThrottleLog`
--

CREATE TABLE `wp_wfThrottleLog` (
  `IP` binary(16) NOT NULL DEFAULT '\0\0\0\0\0\0\0\0\0\0\0\0\0\0\0\0',
  `startTime` int(10) unsigned NOT NULL,
  `endTime` int(10) unsigned NOT NULL,
  `timesThrottled` int(10) unsigned NOT NULL,
  `lastReason` varchar(255) NOT NULL,
  PRIMARY KEY (`IP`),
  KEY `k2` (`endTime`)
) ENGINE=MyISAM DEFAULT CHARSET=utf8;

--
-- Dumping data for table `wp_wfThrottleLog`
--


--
-- Table structure for table `wp_wfVulnScanners`
--

CREATE TABLE `wp_wfVulnScanners` (
  `IP` binary(16) NOT NULL DEFAULT '\0\0\0\0\0\0\0\0\0\0\0\0\0\0\0\0',
  `ctime` int(10) unsigned NOT NULL,
  `hits` int(10) unsigned NOT NULL,
  PRIMARY KEY (`IP`)
) ENGINE=MyISAM DEFAULT CHARSET=utf8 COLLATE=utf8_unicode_ci;

--
-- Dumping data for table `wp_wfVulnScanners`
--


--
-- Table structure for table `wp_woocommerce_api_keys`
--

CREATE TABLE `wp_woocommerce_api_keys` (
  `key_id` bigint(20) NOT NULL AUTO_INCREMENT,
  `user_id` bigint(20) NOT NULL,
  `description` longtext COLLATE utf8mb4_unicode_ci,
  `permissions` varchar(10) COLLATE utf8mb4_unicode_ci NOT NULL,
  `consumer_key` char(64) COLLATE utf8mb4_unicode_ci NOT NULL,
  `consumer_secret` char(43) COLLATE utf8mb4_unicode_ci NOT NULL,
  `nonces` longtext COLLATE utf8mb4_unicode_ci,
  `truncated_key` char(7) COLLATE utf8mb4_unicode_ci NOT NULL,
  `last_access` datetime DEFAULT NULL,
  PRIMARY KEY (`key_id`),
  KEY `consumer_key` (`consumer_key`),
  KEY `consumer_secret` (`consumer_secret`)
) ENGINE=MyISAM DEFAULT CHARSET=utf8mb4 COLLATE=utf8mb4_unicode_ci;

--
-- Dumping data for table `wp_woocommerce_api_keys`
--


--
-- Table structure for table `wp_woocommerce_attribute_taxonomies`
--

CREATE TABLE `wp_woocommerce_attribute_taxonomies` (
  `attribute_id` bigint(20) NOT NULL AUTO_INCREMENT,
  `attribute_name` varchar(200) COLLATE utf8mb4_unicode_ci NOT NULL,
  `attribute_label` longtext COLLATE utf8mb4_unicode_ci,
  `attribute_type` varchar(200) COLLATE utf8mb4_unicode_ci NOT NULL,
  `attribute_orderby` varchar(200) COLLATE utf8mb4_unicode_ci NOT NULL,
  `attribute_public` int(1) NOT NULL DEFAULT '1',
  PRIMARY KEY (`attribute_id`),
  KEY `attribute_name` (`attribute_name`)
) ENGINE=MyISAM DEFAULT CHARSET=utf8mb4 COLLATE=utf8mb4_unicode_ci;

--
-- Dumping data for table `wp_woocommerce_attribute_taxonomies`
--


--
-- Table structure for table `wp_woocommerce_downloadable_product_permissions`
--

CREATE TABLE `wp_woocommerce_downloadable_product_permissions` (
  `permission_id` bigint(20) NOT NULL AUTO_INCREMENT,
  `download_id` varchar(32) COLLATE utf8mb4_unicode_ci NOT NULL,
  `product_id` bigint(20) NOT NULL,
  `order_id` bigint(20) NOT NULL DEFAULT '0',
  `order_key` varchar(200) COLLATE utf8mb4_unicode_ci NOT NULL,
  `user_email` varchar(200) COLLATE utf8mb4_unicode_ci NOT NULL,
  `user_id` bigint(20) DEFAULT NULL,
  `downloads_remaining` varchar(9) COLLATE utf8mb4_unicode_ci DEFAULT NULL,
  `access_granted` datetime NOT NULL DEFAULT '0000-00-00 00:00:00',
  `access_expires` datetime DEFAULT NULL,
  `download_count` bigint(20) NOT NULL DEFAULT '0',
  PRIMARY KEY (`permission_id`),
  KEY `download_order_key_product` (`product_id`,`order_id`,`order_key`,`download_id`),
  KEY `download_order_product` (`download_id`,`order_id`,`product_id`)
) ENGINE=MyISAM DEFAULT CHARSET=utf8mb4 COLLATE=utf8mb4_unicode_ci;

--
-- Dumping data for table `wp_woocommerce_downloadable_product_permissions`
--


--
-- Table structure for table `wp_woocommerce_order_itemmeta`
--

CREATE TABLE `wp_woocommerce_order_itemmeta` (
  `meta_id` bigint(20) NOT NULL AUTO_INCREMENT,
  `order_item_id` bigint(20) NOT NULL,
  `meta_key` varchar(255) COLLATE utf8mb4_unicode_ci DEFAULT NULL,
  `meta_value` longtext COLLATE utf8mb4_unicode_ci,
  PRIMARY KEY (`meta_id`),
  KEY `order_item_id` (`order_item_id`),
  KEY `meta_key` (`meta_key`(250))
) ENGINE=MyISAM AUTO_INCREMENT=1082 DEFAULT CHARSET=utf8mb4 COLLATE=utf8mb4_unicode_ci;

--
-- Dumping data for table `wp_woocommerce_order_itemmeta`
--

INSERT INTO `wp_woocommerce_order_itemmeta` VALUES (1,1,'_qty','1'),(2,1,'_tax_class',''),(3,1,'_product_id','634'),(4,1,'_variation_id','0'),(5,1,'_line_subtotal','149'),(6,1,'_line_total','149'),(7,1,'_line_subtotal_tax','0'),(8,1,'_line_tax','0'),(9,1,'_line_tax_data','a:2:{s:5:\"total\";a:0:{}s:8:\"subtotal\";a:0:{}}'),(10,2,'_qty','3'),(11,2,'_tax_class',''),(12,2,'_product_id','856'),(13,2,'_variation_id','0'),(14,2,'_line_subtotal','0'),(15,2,'_line_total','0'),(16,2,'_line_subtotal_tax','0'),(17,2,'_line_tax','0'),(18,2,'_line_tax_data','a:2:{s:5:\"total\";a:0:{}s:8:\"subtotal\";a:0:{}}'),(19,3,'_qty','1'),(20,3,'_tax_class',''),(21,3,'_product_id','856'),(22,3,'_variation_id','0'),(23,3,'_line_subtotal','0'),(24,3,'_line_total','0'),(25,3,'_line_subtotal_tax','0'),(26,3,'_line_tax','0'),(27,3,'_line_tax_data','a:2:{s:5:\"total\";a:0:{}s:8:\"subtotal\";a:0:{}}'),(28,4,'_qty','1'),(29,4,'_tax_class',''),(30,4,'_product_id','852'),(31,4,'_variation_id','0'),(32,4,'_line_subtotal','1800'),(33,4,'_line_total','1800'),(34,4,'_line_subtotal_tax','252'),(35,4,'_line_tax','252'),(36,4,'_line_tax_data','a:2:{s:5:\"total\";a:1:{i:1;s:3:\"252\";}s:8:\"subtotal\";a:1:{i:1;s:3:\"252\";}}'),(37,5,'rate_id','1'),(38,5,'label','VAT'),(39,5,'compound','0'),(40,5,'tax_amount','252'),(41,5,'shipping_tax_amount','0'),(42,6,'_qty','1'),(43,6,'_tax_class',''),(44,6,'_product_id','852'),(45,6,'_variation_id','0'),(46,6,'_line_subtotal','295'),(47,6,'_line_total','295'),(48,6,'_line_subtotal_tax','41.3'),(49,6,'_line_tax','41.3'),(50,6,'_line_tax_data','a:2:{s:5:\"total\";a:1:{i:1;s:4:\"41.3\";}s:8:\"subtotal\";a:1:{i:1;s:4:\"41.3\";}}'),(51,6,'_has_trial','true'),(52,7,'rate_id','1'),(53,7,'label','VAT'),(54,7,'compound','0'),(55,7,'tax_amount','41.3'),(56,7,'shipping_tax_amount','0'),(57,8,'_qty','1'),(58,8,'_tax_class',''),(59,8,'_product_id','852'),(60,8,'_variation_id','0'),(61,8,'_line_subtotal','1800'),(62,8,'_line_total','1800'),(63,8,'_line_subtotal_tax','252'),(64,8,'_line_tax','252'),(65,8,'_line_tax_data','a:2:{s:5:\"total\";a:1:{i:1;s:3:\"252\";}s:8:\"subtotal\";a:1:{i:1;s:3:\"252\";}}'),(66,9,'rate_id','1'),(67,9,'label','VAT'),(68,9,'compound','0'),(69,9,'tax_amount','252'),(70,9,'shipping_tax_amount','0'),(71,10,'_qty','1'),(72,10,'_tax_class',''),(73,10,'_product_id','852'),(74,10,'_variation_id','0'),(75,10,'_line_subtotal','295'),(76,10,'_line_total','295'),(77,10,'_line_subtotal_tax','41.3'),(78,10,'_line_tax','41.3'),(79,10,'_line_tax_data','a:2:{s:5:\"total\";a:1:{i:1;s:4:\"41.3\";}s:8:\"subtotal\";a:1:{i:1;s:4:\"41.3\";}}'),(80,10,'_has_trial','true'),(81,11,'rate_id','1'),(82,11,'label','VAT'),(83,11,'compound','0'),(84,11,'tax_amount','41.3'),(85,11,'shipping_tax_amount','0'),(86,12,'_qty','1'),(87,12,'_tax_class',''),(88,12,'_product_id','856'),(89,12,'_variation_id','0'),(90,12,'_line_subtotal','0'),(91,12,'_line_total','0'),(92,12,'_line_subtotal_tax','0'),(93,12,'_line_tax','0'),(94,12,'_line_tax_data','a:2:{s:5:\"total\";a:0:{}s:8:\"subtotal\";a:0:{}}'),(95,13,'_qty','2'),(96,13,'_tax_class',''),(97,13,'_product_id','856'),(98,13,'_variation_id','0'),(99,13,'_line_subtotal','0'),(100,13,'_line_total','0'),(101,13,'_line_subtotal_tax','0'),(102,13,'_line_tax','0'),(103,13,'_line_tax_data','a:2:{s:5:\"total\";a:0:{}s:8:\"subtotal\";a:0:{}}'),(104,14,'_qty','1'),(105,14,'_tax_class',''),(106,14,'_product_id','856'),(107,14,'_variation_id','0'),(108,14,'_line_subtotal','0'),(109,14,'_line_total','0'),(110,14,'_line_subtotal_tax','0'),(111,14,'_line_tax','0'),(112,14,'_line_tax_data','a:2:{s:5:\"total\";a:0:{}s:8:\"subtotal\";a:0:{}}'),(113,15,'_qty','2'),(114,15,'_tax_class',''),(115,15,'_product_id','856'),(116,15,'_variation_id','0'),(117,15,'_line_subtotal','0'),(118,15,'_line_total','0'),(119,15,'_line_subtotal_tax','0'),(120,15,'_line_tax','0'),(121,15,'_line_tax_data','a:2:{s:5:\"total\";a:0:{}s:8:\"subtotal\";a:0:{}}'),(192,25,'tax_amount','252'),(193,25,'shipping_tax_amount','0'),(190,25,'label','VAT'),(189,25,'rate_id','1'),(188,24,'_line_tax_data','a:2:{s:5:\"total\";a:1:{i:1;s:3:\"252\";}s:8:\"subtotal\";a:1:{i:1;s:3:\"252\";}}'),(186,24,'_line_subtotal_tax','252'),(187,24,'_line_tax','252'),(185,24,'_line_total','1800'),(184,24,'_line_subtotal','1800'),(136,18,'_qty','1'),(137,18,'_tax_class',''),(138,18,'_product_id','852'),(139,18,'_variation_id','0'),(140,18,'_line_subtotal','295'),(141,18,'_line_total','295'),(142,18,'_line_subtotal_tax','41.3'),(143,18,'_line_tax','41.3'),(144,18,'_line_tax_data','a:2:{s:5:\"total\";a:1:{i:1;s:4:\"41.3\";}s:8:\"subtotal\";a:1:{i:1;s:4:\"41.3\";}}'),(145,18,'_has_trial','true'),(146,19,'rate_id','1'),(147,19,'label','VAT'),(148,19,'compound','0'),(149,19,'tax_amount','41.3'),(150,19,'shipping_tax_amount','0'),(191,25,'compound','0'),(183,24,'_variation_id','0'),(182,24,'_product_id','852'),(181,24,'_tax_class',''),(180,24,'_qty','1'),(165,22,'_qty','1'),(166,22,'_tax_class',''),(167,22,'_product_id','852'),(168,22,'_variation_id','0'),(169,22,'_line_subtotal','295'),(170,22,'_line_total','295'),(171,22,'_line_subtotal_tax','41.3'),(172,22,'_line_tax','41.3'),(173,22,'_line_tax_data','a:2:{s:5:\"total\";a:1:{i:1;s:4:\"41.3\";}s:8:\"subtotal\";a:1:{i:1;s:4:\"41.3\";}}'),(174,22,'_has_trial','true'),(175,23,'rate_id','1'),(176,23,'label','VAT'),(177,23,'compound','0'),(178,23,'tax_amount','41.3'),(179,23,'shipping_tax_amount','0'),(194,26,'_qty','1'),(195,26,'_tax_class',''),(196,26,'_product_id','852'),(197,26,'_variation_id','0'),(198,26,'_line_subtotal','295'),(199,26,'_line_total','295'),(200,26,'_line_subtotal_tax','41.3'),(201,26,'_line_tax','41.3'),(202,26,'_line_tax_data','a:2:{s:5:\"total\";a:1:{i:1;s:4:\"41.3\";}s:8:\"subtotal\";a:1:{i:1;s:4:\"41.3\";}}'),(203,26,'_has_trial','true'),(204,27,'rate_id','1'),(205,27,'label','VAT'),(206,27,'compound','0'),(207,27,'tax_amount','41.3'),(208,27,'shipping_tax_amount','0'),(245,32,'_line_tax_data','a:2:{s:5:\"total\";a:1:{i:1;s:5:\"277.2\";}s:8:\"subtotal\";a:1:{i:1;s:5:\"277.2\";}}'),(244,32,'_line_tax','277.2'),(243,32,'_line_subtotal_tax','277.2'),(242,32,'_line_total','1980'),(241,32,'_line_subtotal','1980'),(240,32,'_variation_id','0'),(239,32,'_product_id','634'),(238,32,'_tax_class',''),(237,32,'_qty','1'),(223,30,'_qty','1'),(224,30,'_tax_class',''),(225,30,'_product_id','634'),(226,30,'_variation_id','0'),(227,30,'_line_subtotal','0'),(228,30,'_line_total','0'),(229,30,'_line_subtotal_tax','0'),(230,30,'_line_tax','0'),(231,30,'_line_tax_data','a:2:{s:5:\"total\";a:1:{i:1;s:1:\"0\";}s:8:\"subtotal\";a:1:{i:1;s:1:\"0\";}}'),(232,31,'rate_id','1'),(233,31,'label','VAT'),(234,31,'compound','0'),(235,31,'tax_amount','0'),(236,31,'shipping_tax_amount','0'),(246,33,'rate_id','1'),(247,33,'label','VAT'),(248,33,'compound','0'),(249,33,'tax_amount','277.2'),(250,33,'shipping_tax_amount','0'),(251,34,'_qty','1'),(252,34,'_tax_class',''),(253,34,'_product_id','634'),(254,34,'_variation_id','0'),(255,34,'_line_subtotal','0'),(256,34,'_line_total','0'),(257,34,'_line_subtotal_tax','0'),(258,34,'_line_tax','0'),(259,34,'_line_tax_data','a:2:{s:5:\"total\";a:1:{i:1;s:1:\"0\";}s:8:\"subtotal\";a:1:{i:1;s:1:\"0\";}}'),(260,35,'rate_id','1'),(261,35,'label','VAT'),(262,35,'compound','0'),(263,35,'tax_amount','0'),(264,35,'shipping_tax_amount','0'),(265,36,'_qty','1'),(266,36,'_tax_class',''),(267,36,'_product_id','856'),(268,36,'_variation_id','0'),(269,36,'_line_subtotal','0'),(270,36,'_line_total','0'),(271,36,'_line_subtotal_tax','0'),(272,36,'_line_tax','0'),(273,36,'_line_tax_data','a:2:{s:5:\"total\";a:0:{}s:8:\"subtotal\";a:0:{}}'),(274,37,'_qty','1'),(275,37,'_tax_class',''),(276,37,'_product_id','852'),(277,37,'_variation_id','0'),(278,37,'_line_subtotal','1800'),(279,37,'_line_total','1800'),(280,37,'_line_subtotal_tax','252'),(281,37,'_line_tax','252'),(282,37,'_line_tax_data','a:2:{s:5:\"total\";a:1:{i:1;s:3:\"252\";}s:8:\"subtotal\";a:1:{i:1;s:3:\"252\";}}'),(283,38,'rate_id','1'),(284,38,'label','VAT'),(285,38,'compound','0'),(286,38,'tax_amount','252'),(287,38,'shipping_tax_amount','0'),(288,39,'_qty','1'),(289,39,'_tax_class',''),(290,39,'_product_id','852'),(291,39,'_variation_id','0'),(292,39,'_line_subtotal','295'),(293,39,'_line_total','295'),(294,39,'_line_subtotal_tax','41.3'),(295,39,'_line_tax','41.3'),(296,39,'_line_tax_data','a:2:{s:5:\"total\";a:1:{i:1;s:4:\"41.3\";}s:8:\"subtotal\";a:1:{i:1;s:4:\"41.3\";}}'),(297,39,'_has_trial','true'),(298,40,'rate_id','1'),(299,40,'label','VAT'),(300,40,'compound','0'),(301,40,'tax_amount','41.3'),(302,40,'shipping_tax_amount','0'),(303,41,'_qty','1'),(304,41,'_tax_class',''),(305,41,'_product_id','852'),(306,41,'_variation_id','0'),(307,41,'_line_subtotal','1800'),(308,41,'_line_total','1800'),(309,41,'_line_subtotal_tax','252'),(310,41,'_line_tax','252'),(311,41,'_line_tax_data','a:2:{s:5:\"total\";a:1:{i:1;s:3:\"252\";}s:8:\"subtotal\";a:1:{i:1;s:3:\"252\";}}'),(312,42,'rate_id','1'),(313,42,'label','VAT'),(314,42,'compound','0'),(315,42,'tax_amount','252'),(316,42,'shipping_tax_amount','0'),(317,43,'_qty','1'),(318,43,'_tax_class',''),(319,43,'_product_id','852'),(320,43,'_variation_id','0'),(321,43,'_line_subtotal','295'),(322,43,'_line_total','295'),(323,43,'_line_subtotal_tax','41.3'),(324,43,'_line_tax','41.3'),(325,43,'_line_tax_data','a:2:{s:5:\"total\";a:1:{i:1;s:4:\"41.3\";}s:8:\"subtotal\";a:1:{i:1;s:4:\"41.3\";}}'),(326,43,'_has_trial','true'),(327,44,'rate_id','1'),(328,44,'label','VAT'),(329,44,'compound','0'),(330,44,'tax_amount','41.3'),(331,44,'shipping_tax_amount','0'),(332,45,'_qty','1'),(333,45,'_tax_class',''),(334,45,'_product_id','852'),(335,45,'_variation_id','0'),(336,45,'_line_subtotal','1800'),(337,45,'_line_total','1800'),(338,45,'_line_subtotal_tax','252'),(339,45,'_line_tax','252'),(340,45,'_line_tax_data','a:2:{s:5:\"total\";a:1:{i:1;s:3:\"252\";}s:8:\"subtotal\";a:1:{i:1;s:3:\"252\";}}'),(341,46,'rate_id','1'),(342,46,'label','VAT'),(343,46,'compound','0'),(344,46,'tax_amount','252'),(345,46,'shipping_tax_amount','0'),(346,47,'_qty','1'),(347,47,'_tax_class',''),(348,47,'_product_id','852'),(349,47,'_variation_id','0'),(350,47,'_line_subtotal','295'),(351,47,'_line_total','295'),(352,47,'_line_subtotal_tax','41.3'),(353,47,'_line_tax','41.3'),(354,47,'_line_tax_data','a:2:{s:5:\"total\";a:1:{i:1;s:4:\"41.3\";}s:8:\"subtotal\";a:1:{i:1;s:4:\"41.3\";}}'),(355,47,'_has_trial','true'),(356,48,'rate_id','1'),(357,48,'label','VAT'),(358,48,'compound','0'),(359,48,'tax_amount','41.3'),(360,48,'shipping_tax_amount','0'),(361,49,'_qty','1'),(362,49,'_tax_class',''),(363,49,'_product_id','2164'),(364,49,'_variation_id','0'),(365,49,'_line_subtotal','80'),(366,49,'_line_total','80'),(367,49,'_line_subtotal_tax','11.2'),(368,49,'_line_tax','11.2'),(369,49,'_line_tax_data','a:2:{s:5:\"total\";a:1:{i:1;s:4:\"11.2\";}s:8:\"subtotal\";a:1:{i:1;s:4:\"11.2\";}}'),(370,50,'rate_id','1'),(371,50,'label','VAT'),(372,50,'compound','0'),(373,50,'tax_amount','11.2'),(374,50,'shipping_tax_amount','0'),(375,51,'_qty','1'),(376,51,'_tax_class',''),(377,51,'_product_id','634'),(378,51,'_variation_id','0'),(379,51,'_line_subtotal','1980'),(380,51,'_line_total','1980'),(381,51,'_line_subtotal_tax','277.2'),(382,51,'_line_tax','277.2'),(383,51,'_line_tax_data','a:2:{s:5:\"total\";a:1:{i:1;s:5:\"277.2\";}s:8:\"subtotal\";a:1:{i:1;s:5:\"277.2\";}}'),(384,52,'rate_id','1'),(385,52,'label','VAT'),(386,52,'compound','0'),(387,52,'tax_amount','277.2'),(388,52,'shipping_tax_amount','0'),(389,53,'_qty','1'),(390,53,'_tax_class',''),(391,53,'_product_id','634'),(392,53,'_variation_id','0'),(393,53,'_line_subtotal','0'),(394,53,'_line_total','0'),(395,53,'_line_subtotal_tax','0'),(396,53,'_line_tax','0'),(397,53,'_line_tax_data','a:2:{s:5:\"total\";a:1:{i:1;s:1:\"0\";}s:8:\"subtotal\";a:1:{i:1;s:1:\"0\";}}'),(398,54,'rate_id','1'),(399,54,'label','VAT'),(400,54,'compound','0'),(401,54,'tax_amount','0'),(402,54,'shipping_tax_amount','0'),(403,55,'_qty','1'),(404,55,'_tax_class',''),(405,55,'_product_id','2164'),(406,55,'_variation_id','0'),(407,55,'_line_subtotal','80'),(408,55,'_line_total','80'),(409,55,'_line_subtotal_tax','11.2'),(410,55,'_line_tax','11.2'),(411,55,'_line_tax_data','a:2:{s:5:\"total\";a:1:{i:1;s:4:\"11.2\";}s:8:\"subtotal\";a:1:{i:1;s:4:\"11.2\";}}'),(412,56,'rate_id','1'),(413,56,'label','VAT'),(414,56,'compound','0'),(415,56,'tax_amount','11.2'),(416,56,'shipping_tax_amount','0'),(417,57,'_qty','1'),(418,57,'_tax_class',''),(419,57,'_product_id','2164'),(420,57,'_variation_id','0'),(421,57,'_line_subtotal','80'),(422,57,'_line_total','80'),(423,57,'_line_subtotal_tax','11.2'),(424,57,'_line_tax','11.2'),(425,57,'_line_tax_data','a:2:{s:5:\"total\";a:1:{i:1;s:4:\"11.2\";}s:8:\"subtotal\";a:1:{i:1;s:4:\"11.2\";}}'),(426,58,'rate_id','1'),(427,58,'label','VAT'),(428,58,'compound','0'),(429,58,'tax_amount','11.2'),(430,58,'shipping_tax_amount','0'),(431,59,'_qty','1'),(432,59,'_tax_class',''),(433,59,'_product_id','2164'),(434,59,'_variation_id','0'),(435,59,'_line_subtotal','80'),(436,59,'_line_total','80'),(437,59,'_line_subtotal_tax','11.2'),(438,59,'_line_tax','11.2'),(439,59,'_line_tax_data','a:2:{s:5:\"total\";a:1:{i:1;s:4:\"11.2\";}s:8:\"subtotal\";a:1:{i:1;s:4:\"11.2\";}}'),(440,60,'rate_id','1'),(441,60,'label','VAT'),(442,60,'compound','0'),(443,60,'tax_amount','11.2'),(444,60,'shipping_tax_amount','0'),(445,61,'_qty','1'),(446,61,'_tax_class',''),(447,61,'_product_id','856'),(448,61,'_variation_id','0'),(449,61,'_line_subtotal','0'),(450,61,'_line_total','0'),(451,61,'_line_subtotal_tax','0'),(452,61,'_line_tax','0'),(453,61,'_line_tax_data','a:2:{s:5:\"total\";a:0:{}s:8:\"subtotal\";a:0:{}}'),(454,62,'_qty','1'),(455,62,'_tax_class',''),(456,62,'_product_id','2164'),(457,62,'_variation_id','0'),(458,62,'_line_subtotal','80'),(459,62,'_line_total','80'),(460,62,'_line_subtotal_tax','11.2'),(461,62,'_line_tax','11.2'),(462,62,'_line_tax_data','a:2:{s:5:\"total\";a:1:{i:1;s:4:\"11.2\";}s:8:\"subtotal\";a:1:{i:1;s:4:\"11.2\";}}'),(463,63,'rate_id','1'),(464,63,'label','VAT'),(465,63,'compound','0'),(466,63,'tax_amount','11.2'),(467,63,'shipping_tax_amount','0'),(468,64,'_qty','1'),(469,64,'_tax_class',''),(470,64,'_product_id','856'),(471,64,'_variation_id','0'),(472,64,'_line_subtotal','0'),(473,64,'_line_total','0'),(474,64,'_line_subtotal_tax','0'),(475,64,'_line_tax','0'),(476,64,'_line_tax_data','a:2:{s:5:\"total\";a:0:{}s:8:\"subtotal\";a:0:{}}'),(477,65,'_qty','1'),(478,65,'_tax_class',''),(479,65,'_product_id','2164'),(480,65,'_variation_id','0'),(481,65,'_line_subtotal','80'),(482,65,'_line_total','80'),(483,65,'_line_subtotal_tax','11.2'),(484,65,'_line_tax','11.2'),(485,65,'_line_tax_data','a:2:{s:5:\"total\";a:1:{i:1;s:4:\"11.2\";}s:8:\"subtotal\";a:1:{i:1;s:4:\"11.2\";}}'),(486,66,'rate_id','1'),(487,66,'label','VAT'),(488,66,'compound','0'),(489,66,'tax_amount','11.2'),(490,66,'shipping_tax_amount','0'),(491,67,'_qty','1'),(492,67,'_tax_class',''),(493,67,'_product_id','2164'),(494,67,'_variation_id','0'),(495,67,'_line_subtotal','80'),(496,67,'_line_total','80'),(497,67,'_line_subtotal_tax','11.2'),(498,67,'_line_tax','11.2'),(499,67,'_line_tax_data','a:2:{s:5:\"total\";a:1:{i:1;s:4:\"11.2\";}s:8:\"subtotal\";a:1:{i:1;s:4:\"11.2\";}}'),(500,68,'rate_id','1'),(501,68,'label','VAT'),(502,68,'compound','0'),(503,68,'tax_amount','11.2'),(504,68,'shipping_tax_amount','0'),(505,69,'_qty','1'),(506,69,'_tax_class',''),(507,69,'_product_id','2164'),(508,69,'_variation_id','0'),(509,69,'_line_subtotal','80'),(510,69,'_line_total','80'),(511,69,'_line_subtotal_tax','11.2'),(512,69,'_line_tax','11.2'),(513,69,'_line_tax_data','a:2:{s:5:\"total\";a:1:{i:1;s:4:\"11.2\";}s:8:\"subtotal\";a:1:{i:1;s:4:\"11.2\";}}'),(514,70,'rate_id','1'),(515,70,'label','VAT'),(516,70,'compound','0'),(517,70,'tax_amount','11.2'),(518,70,'shipping_tax_amount','0'),(519,71,'_qty','1'),(520,71,'_tax_class',''),(521,71,'_product_id','2164'),(522,71,'_variation_id','0'),(523,71,'_line_subtotal','80'),(524,71,'_line_total','80'),(525,71,'_line_subtotal_tax','11.2'),(526,71,'_line_tax','11.2'),(527,71,'_line_tax_data','a:2:{s:5:\"total\";a:1:{i:1;s:4:\"11.2\";}s:8:\"subtotal\";a:1:{i:1;s:4:\"11.2\";}}'),(528,72,'rate_id','1'),(529,72,'label','VAT'),(530,72,'compound','0'),(531,72,'tax_amount','11.2'),(532,72,'shipping_tax_amount','0'),(533,73,'_qty','1'),(534,73,'_tax_class',''),(535,73,'_product_id','2244'),(536,73,'_variation_id','0'),(537,73,'_line_subtotal','1'),(538,73,'_line_total','0'),(539,73,'_line_subtotal_tax','0.14'),(540,73,'_line_tax','0'),(541,73,'_line_tax_data','a:2:{s:5:\"total\";a:1:{i:1;s:1:\"0\";}s:8:\"subtotal\";a:1:{i:1;s:4:\"0.14\";}}'),(542,74,'rate_id','1'),(543,74,'label','VAT'),(544,74,'compound','0'),(545,74,'tax_amount','0'),(546,74,'shipping_tax_amount','0'),(547,75,'discount_amount','1'),(548,75,'discount_amount_tax','0.14'),(549,76,'_qty','1'),(550,76,'_tax_class',''),(551,76,'_product_id','2164'),(552,76,'_variation_id','0'),(553,76,'_line_subtotal','80'),(554,76,'_line_total','80'),(555,76,'_line_subtotal_tax','11.2'),(556,76,'_line_tax','11.2'),(557,76,'_line_tax_data','a:2:{s:5:\"total\";a:1:{i:1;s:4:\"11.2\";}s:8:\"subtotal\";a:1:{i:1;s:4:\"11.2\";}}'),(558,77,'rate_id','1'),(559,77,'label','VAT'),(560,77,'compound','0'),(561,77,'tax_amount','11.2'),(562,77,'shipping_tax_amount','0'),(586,81,'rate_id','1'),(585,80,'_line_tax_data','a:2:{s:5:\"total\";a:1:{i:1;s:4:\"0.14\";}s:8:\"subtotal\";a:1:{i:1;s:4:\"0.14\";}}'),(584,80,'_line_tax','0.14'),(583,80,'_line_subtotal_tax','0.14'),(582,80,'_line_total','1'),(581,80,'_line_subtotal','1'),(580,80,'_variation_id','0'),(579,80,'_product_id','2249'),(578,80,'_tax_class',''),(577,80,'_qty','1'),(587,81,'label','VAT'),(588,81,'compound','0'),(589,81,'tax_amount','0.14'),(590,81,'shipping_tax_amount','0'),(591,82,'_qty','1'),(592,82,'_tax_class',''),(593,82,'_product_id','2249'),(594,82,'_variation_id','0'),(595,82,'_line_subtotal','1'),(596,82,'_line_total','1'),(597,82,'_line_subtotal_tax','0.14'),(598,82,'_line_tax','0.14'),(599,82,'_line_tax_data','a:2:{s:5:\"total\";a:1:{i:1;s:4:\"0.14\";}s:8:\"subtotal\";a:1:{i:1;s:4:\"0.14\";}}'),(600,83,'rate_id','1'),(601,83,'label','VAT'),(602,83,'compound','0'),(603,83,'tax_amount','0.14'),(604,83,'shipping_tax_amount','0'),(605,84,'_qty','1'),(606,84,'_tax_class',''),(607,84,'_product_id','856'),(608,84,'_variation_id','0'),(609,84,'_line_subtotal','0'),(610,84,'_line_total','0'),(611,84,'_line_subtotal_tax','0'),(612,84,'_line_tax','0'),(613,84,'_line_tax_data','a:2:{s:5:\"total\";a:0:{}s:8:\"subtotal\";a:0:{}}'),(654,90,'tax_amount','0.14'),(651,90,'rate_id','1'),(652,90,'label','VAT'),(653,90,'compound','0'),(648,89,'_line_subtotal_tax','0.14'),(649,89,'_line_tax','0.14'),(650,89,'_line_tax_data','a:2:{s:5:\"total\";a:1:{i:1;s:4:\"0.14\";}s:8:\"subtotal\";a:1:{i:1;s:4:\"0.14\";}}'),(647,89,'_line_total','1'),(646,89,'_line_subtotal','1'),(645,89,'_variation_id','0'),(644,89,'_product_id','2249'),(643,89,'_tax_class',''),(642,89,'_qty','1'),(655,90,'shipping_tax_amount','0'),(656,91,'_qty','1'),(657,91,'_tax_class',''),(658,91,'_product_id','2244'),(659,91,'_variation_id','0'),(660,91,'_line_subtotal','1'),(661,91,'_line_total','1'),(662,91,'_line_subtotal_tax','0.14'),(663,91,'_line_tax','0.14'),(664,91,'_line_tax_data','a:2:{s:5:\"total\";a:1:{i:1;s:4:\"0.14\";}s:8:\"subtotal\";a:1:{i:1;s:4:\"0.14\";}}'),(665,92,'rate_id','1'),(666,92,'label','VAT'),(667,92,'compound','0'),(668,92,'tax_amount','0.14'),(669,92,'shipping_tax_amount','0'),(670,93,'_qty','1'),(671,93,'_tax_class',''),(672,93,'_product_id','2249'),(673,93,'_variation_id','0'),(674,93,'_line_subtotal','1'),(675,93,'_line_total','1'),(676,93,'_line_subtotal_tax','0.14'),(677,93,'_line_tax','0.14'),(678,93,'_line_tax_data','a:2:{s:5:\"total\";a:1:{i:1;s:4:\"0.14\";}s:8:\"subtotal\";a:1:{i:1;s:4:\"0.14\";}}'),(679,94,'rate_id','1'),(680,94,'label','VAT'),(681,94,'compound','0'),(682,94,'tax_amount','0.14'),(683,94,'shipping_tax_amount','0'),(684,95,'_qty','1'),(685,95,'_tax_class',''),(686,95,'_product_id','2249'),(687,95,'_variation_id','0'),(688,95,'_line_subtotal','1'),(689,95,'_line_total','1'),(690,95,'_line_subtotal_tax','0.14'),(691,95,'_line_tax','0.14'),(692,95,'_line_tax_data','a:2:{s:5:\"total\";a:1:{i:1;s:4:\"0.14\";}s:8:\"subtotal\";a:1:{i:1;s:4:\"0.14\";}}'),(693,96,'rate_id','1'),(694,96,'label','VAT'),(695,96,'compound','0'),(696,96,'tax_amount','0.14'),(697,96,'shipping_tax_amount','0'),(698,97,'_qty','1'),(699,97,'_tax_class',''),(700,97,'_product_id','852'),(701,97,'_variation_id','0'),(702,97,'_line_subtotal','2'),(703,97,'_line_total','2'),(704,97,'_line_subtotal_tax','0.28'),(705,97,'_line_tax','0.28'),(706,97,'_line_tax_data','a:2:{s:5:\"total\";a:1:{i:1;s:4:\"0.28\";}s:8:\"subtotal\";a:1:{i:1;s:4:\"0.28\";}}'),(707,98,'rate_id','1'),(708,98,'label','VAT'),(709,98,'compound','0'),(710,98,'tax_amount','0.28'),(711,98,'shipping_tax_amount','0'),(712,99,'_qty','1'),(713,99,'_tax_class',''),(714,99,'_product_id','852'),(715,99,'_variation_id','0'),(716,99,'_line_subtotal','1.5'),(717,99,'_line_total','1.5'),(718,99,'_line_subtotal_tax','0.21'),(719,99,'_line_tax','0.21'),(720,99,'_line_tax_data','a:2:{s:5:\"total\";a:1:{i:1;s:4:\"0.21\";}s:8:\"subtotal\";a:1:{i:1;s:4:\"0.21\";}}'),(721,99,'_has_trial','true'),(722,100,'rate_id','1'),(723,100,'label','VAT'),(724,100,'compound','0'),(725,100,'tax_amount','0.21'),(726,100,'shipping_tax_amount','0'),(727,101,'_qty','1'),(728,101,'_tax_class',''),(729,101,'_product_id','634'),(730,101,'_variation_id','0'),(731,101,'_line_subtotal','149'),(732,101,'_line_total','149'),(733,101,'_line_subtotal_tax','20.86'),(734,101,'_line_tax','20.86'),(735,101,'_line_tax_data','a:2:{s:5:\"total\";a:1:{i:1;s:5:\"20.86\";}s:8:\"subtotal\";a:1:{i:1;s:5:\"20.86\";}}'),(736,102,'rate_id','1'),(737,102,'label','VAT'),(738,102,'compound','0'),(739,102,'tax_amount','20.86'),(740,102,'shipping_tax_amount','0'),(741,103,'_qty','1'),(742,103,'_tax_class',''),(743,103,'_product_id','856'),(744,103,'_variation_id','0'),(745,103,'_line_subtotal','0'),(746,103,'_line_total','0'),(747,103,'_line_subtotal_tax','0'),(748,103,'_line_tax','0'),(749,103,'_line_tax_data','a:2:{s:5:\"total\";a:0:{}s:8:\"subtotal\";a:0:{}}'),(750,104,'_qty','1'),(751,104,'_tax_class',''),(752,104,'_product_id','856'),(753,104,'_variation_id','0'),(754,104,'_line_subtotal','0'),(755,104,'_line_total','0'),(756,104,'_line_subtotal_tax','0'),(757,104,'_line_tax','0'),(758,104,'_line_tax_data','a:2:{s:5:\"total\";a:0:{}s:8:\"subtotal\";a:0:{}}'),(782,108,'rate_id','1'),(781,107,'_line_tax_data','a:2:{s:5:\"total\";a:1:{i:1;s:4:\"0.21\";}s:8:\"subtotal\";a:1:{i:1;s:4:\"0.21\";}}'),(780,107,'_line_tax','0.21'),(779,107,'_line_subtotal_tax','0.21'),(778,107,'_line_total','1.5'),(777,107,'_line_subtotal','1.5'),(776,107,'_variation_id','0'),(775,107,'_product_id','2344'),(774,107,'_tax_class',''),(773,107,'_qty','1'),(783,108,'label','VAT'),(784,108,'compound','0'),(785,108,'tax_amount','0.21'),(786,108,'shipping_tax_amount','0'),(787,109,'_qty','1'),(788,109,'_tax_class',''),(789,109,'_product_id','2344'),(790,109,'_variation_id','0'),(791,109,'_line_subtotal','1.5'),(792,109,'_line_total','1.5'),(793,109,'_line_subtotal_tax','0.21'),(794,109,'_line_tax','0.21'),(795,109,'_line_tax_data','a:2:{s:5:\"total\";a:1:{i:1;s:4:\"0.21\";}s:8:\"subtotal\";a:1:{i:1;s:4:\"0.21\";}}'),(796,110,'rate_id','1'),(797,110,'label','VAT'),(798,110,'compound','0'),(799,110,'tax_amount','0.21'),(800,110,'shipping_tax_amount','0'),(801,111,'_qty','1'),(802,111,'_tax_class',''),(803,111,'_product_id','2344'),(804,111,'_variation_id','0'),(805,111,'_line_subtotal','1.5'),(806,111,'_line_total','1.5'),(807,111,'_line_subtotal_tax','0.21'),(808,111,'_line_tax','0.21'),(809,111,'_line_tax_data','a:2:{s:5:\"total\";a:1:{i:1;s:4:\"0.21\";}s:8:\"subtotal\";a:1:{i:1;s:4:\"0.21\";}}'),(810,112,'rate_id','1'),(811,112,'label','VAT'),(812,112,'compound','0'),(813,112,'tax_amount','0.21'),(814,112,'shipping_tax_amount','0'),(815,113,'_qty','1'),(816,113,'_tax_class',''),(817,113,'_product_id','2344'),(818,113,'_variation_id','0'),(819,113,'_line_subtotal','1.5'),(820,113,'_line_total','1.5'),(821,113,'_line_subtotal_tax','0.21'),(822,113,'_line_tax','0.21'),(823,113,'_line_tax_data','a:2:{s:5:\"total\";a:1:{i:1;s:4:\"0.21\";}s:8:\"subtotal\";a:1:{i:1;s:4:\"0.21\";}}'),(824,114,'rate_id','1'),(825,114,'label','VAT'),(826,114,'compound','0'),(827,114,'tax_amount','0.21'),(828,114,'shipping_tax_amount','0'),(829,115,'_qty','2'),(830,115,'_tax_class',''),(831,115,'_product_id','2344'),(832,115,'_variation_id','0'),(833,115,'_line_subtotal','3'),(834,115,'_line_total','3'),(835,115,'_line_subtotal_tax','0.42'),(836,115,'_line_tax','0.42'),(837,115,'_line_tax_data','a:2:{s:5:\"total\";a:1:{i:1;s:4:\"0.42\";}s:8:\"subtotal\";a:1:{i:1;s:4:\"0.42\";}}'),(838,116,'rate_id','1'),(839,116,'label','VAT'),(840,116,'compound','0'),(841,116,'tax_amount','0.42'),(842,116,'shipping_tax_amount','0'),(843,117,'_qty','1'),(844,117,'_tax_class',''),(845,117,'_product_id','2344'),(846,117,'_variation_id','0'),(847,117,'_line_subtotal','1.5'),(848,117,'_line_total','1.5'),(849,117,'_line_subtotal_tax','0.21'),(850,117,'_line_tax','0.21'),(851,117,'_line_tax_data','a:2:{s:5:\"total\";a:1:{i:1;s:4:\"0.21\";}s:8:\"subtotal\";a:1:{i:1;s:4:\"0.21\";}}'),(852,118,'rate_id','1'),(853,118,'label','VAT'),(854,118,'compound','0'),(855,118,'tax_amount','0.21'),(856,118,'shipping_tax_amount','0'),(857,119,'_qty','1'),(858,119,'_tax_class',''),(859,119,'_product_id','2344'),(860,119,'_variation_id','0'),(861,119,'_line_subtotal','1.5'),(862,119,'_line_total','1.5'),(863,119,'_line_subtotal_tax','0.21'),(864,119,'_line_tax','0.21'),(865,119,'_line_tax_data','a:2:{s:5:\"total\";a:1:{i:1;s:4:\"0.21\";}s:8:\"subtotal\";a:1:{i:1;s:4:\"0.21\";}}'),(866,120,'rate_id','1'),(867,120,'label','VAT'),(868,120,'compound','0'),(869,120,'tax_amount','0.21'),(870,120,'shipping_tax_amount','0'),(871,121,'_qty','1'),(872,121,'_tax_class',''),(873,121,'_product_id','2344'),(874,121,'_variation_id','0'),(875,121,'_line_subtotal','1.5'),(876,121,'_line_total','1.5'),(877,121,'_line_subtotal_tax','0.21'),(878,121,'_line_tax','0.21'),(879,121,'_line_tax_data','a:2:{s:5:\"total\";a:1:{i:1;s:4:\"0.21\";}s:8:\"subtotal\";a:1:{i:1;s:4:\"0.21\";}}'),(880,122,'rate_id','1'),(881,122,'label','VAT'),(882,122,'compound','0'),(883,122,'tax_amount','0.21'),(884,122,'shipping_tax_amount','0'),(885,123,'_qty','1'),(886,123,'_tax_class',''),(887,123,'_product_id','2344'),(888,123,'_variation_id','0'),(889,123,'_line_subtotal','1.5'),(890,123,'_line_total','1.5'),(891,123,'_line_subtotal_tax','0.21'),(892,123,'_line_tax','0.21'),(893,123,'_line_tax_data','a:2:{s:5:\"total\";a:1:{i:1;s:4:\"0.21\";}s:8:\"subtotal\";a:1:{i:1;s:4:\"0.21\";}}'),(894,124,'rate_id','1'),(895,124,'label','VAT'),(896,124,'compound','0'),(897,124,'tax_amount','0.21'),(898,124,'shipping_tax_amount','0'),(899,125,'_qty','1'),(900,125,'_tax_class',''),(901,125,'_product_id','2344'),(902,125,'_variation_id','0'),(903,125,'_line_subtotal','1.5'),(904,125,'_line_total','1.5'),(905,125,'_line_subtotal_tax','0.21'),(906,125,'_line_tax','0.21'),(907,125,'_line_tax_data','a:2:{s:5:\"total\";a:1:{i:1;s:4:\"0.21\";}s:8:\"subtotal\";a:1:{i:1;s:4:\"0.21\";}}'),(908,126,'rate_id','1'),(909,126,'label','VAT'),(910,126,'compound','0'),(911,126,'tax_amount','0.21'),(912,126,'shipping_tax_amount','0'),(913,127,'_qty','1'),(914,127,'_tax_class',''),(915,127,'_product_id','2344'),(916,127,'_variation_id','0'),(917,127,'_line_subtotal','1.5'),(918,127,'_line_total','1.5'),(919,127,'_line_subtotal_tax','0.21'),(920,127,'_line_tax','0.21'),(921,127,'_line_tax_data','a:2:{s:5:\"total\";a:1:{i:1;s:4:\"0.21\";}s:8:\"subtotal\";a:1:{i:1;s:4:\"0.21\";}}'),(922,128,'rate_id','1'),(923,128,'label','VAT'),(924,128,'compound','0'),(925,128,'tax_amount','0.21'),(926,128,'shipping_tax_amount','0'),(927,129,'_qty','1'),(928,129,'_tax_class',''),(929,129,'_product_id','2344'),(930,129,'_variation_id','0'),(931,129,'_line_subtotal','1.5'),(932,129,'_line_total','1.5'),(933,129,'_line_subtotal_tax','0.21'),(934,129,'_line_tax','0.21'),(935,129,'_line_tax_data','a:2:{s:5:\"total\";a:1:{i:1;s:4:\"0.21\";}s:8:\"subtotal\";a:1:{i:1;s:4:\"0.21\";}}'),(936,130,'rate_id','1'),(937,130,'label','VAT'),(938,130,'compound','0'),(939,130,'tax_amount','0.21'),(940,130,'shipping_tax_amount','0'),(941,131,'_qty','1'),(942,131,'_tax_class',''),(943,131,'_product_id','2344'),(944,131,'_variation_id','0'),(945,131,'_line_subtotal','1.5'),(946,131,'_line_total','1.5'),(947,131,'_line_subtotal_tax','0.21'),(948,131,'_line_tax','0.21'),(949,131,'_line_tax_data','a:2:{s:5:\"total\";a:1:{i:1;s:4:\"0.21\";}s:8:\"subtotal\";a:1:{i:1;s:4:\"0.21\";}}'),(950,132,'rate_id','1'),(951,132,'label','VAT'),(952,132,'compound','0'),(953,132,'tax_amount','0.21'),(954,132,'shipping_tax_amount','0'),(955,133,'_qty','1'),(956,133,'_tax_class',''),(957,133,'_product_id','2344'),(958,133,'_variation_id','0'),(959,133,'_line_subtotal','1.5'),(960,133,'_line_total','1.5'),(961,133,'_line_subtotal_tax','0.21'),(962,133,'_line_tax','0.21'),(963,133,'_line_tax_data','a:2:{s:5:\"total\";a:1:{i:1;s:4:\"0.21\";}s:8:\"subtotal\";a:1:{i:1;s:4:\"0.21\";}}'),(964,134,'rate_id','1'),(965,134,'label','VAT'),(966,134,'compound','0'),(967,134,'tax_amount','0.21'),(968,134,'shipping_tax_amount','0'),(969,135,'_qty','1'),(970,135,'_tax_class',''),(971,135,'_product_id','2344'),(972,135,'_variation_id','0'),(973,135,'_line_subtotal','1.5'),(974,135,'_line_total','1.5'),(975,135,'_line_subtotal_tax','0.21'),(976,135,'_line_tax','0.21'),(977,135,'_line_tax_data','a:2:{s:5:\"total\";a:1:{i:1;s:4:\"0.21\";}s:8:\"subtotal\";a:1:{i:1;s:4:\"0.21\";}}'),(978,136,'rate_id','1'),(979,136,'label','VAT'),(980,136,'compound','0'),(981,136,'tax_amount','0.21'),(982,136,'shipping_tax_amount','0'),(983,2413,'_woocs_order_rate','1'),(984,2413,'_woocs_order_base_currency','ZAR'),(985,2413,'_woocs_order_currency_changed_mannualy','0'),(986,137,'_qty','1'),(987,137,'_tax_class',''),(988,137,'_product_id','2344'),(989,137,'_variation_id','0'),(990,137,'_line_subtotal','1.5'),(991,137,'_line_total','1.5'),(992,137,'_line_subtotal_tax','0.21'),(993,137,'_line_tax','0.21'),(994,137,'_line_tax_data','a:2:{s:5:\"total\";a:1:{i:1;s:4:\"0.21\";}s:8:\"subtotal\";a:1:{i:1;s:4:\"0.21\";}}'),(995,138,'rate_id','1'),(996,138,'label','VAT'),(997,138,'compound','0'),(998,138,'tax_amount','0.21'),(999,138,'shipping_tax_amount','0'),(1000,2539,'_woocs_order_rate','1'),(1001,2539,'_woocs_order_base_currency','ZAR'),(1002,2539,'_woocs_order_currency_changed_mannualy','0'),(1003,139,'_qty','1'),(1004,139,'_tax_class',''),(1005,139,'_product_id','2344'),(1006,139,'_variation_id','0'),(1007,139,'_line_subtotal','1.5'),(1008,139,'_line_total','1.5'),(1009,139,'_line_subtotal_tax','0.21'),(1010,139,'_line_tax','0.21'),(1011,139,'_line_tax_data','a:2:{s:5:\"total\";a:1:{i:1;s:4:\"0.21\";}s:8:\"subtotal\";a:1:{i:1;s:4:\"0.21\";}}'),(1012,140,'rate_id','1'),(1013,140,'label','VAT'),(1014,140,'compound','0'),(1015,140,'tax_amount','0.21'),(1016,140,'shipping_tax_amount','0'),(1017,2542,'_woocs_order_rate','1'),(1018,2542,'_woocs_order_base_currency','ZAR'),(1019,2542,'_woocs_order_currency_changed_mannualy','0'),(1020,141,'_qty','1'),(1021,141,'_tax_class',''),(1022,141,'_product_id','2544'),(1023,141,'_variation_id','0'),(1024,141,'_line_subtotal','5'),(1025,141,'_line_total','5'),(1026,141,'_line_subtotal_tax','0.7'),(1027,141,'_line_tax','0.7'),(1028,141,'_line_tax_data','a:2:{s:5:\"total\";a:1:{i:1;s:3:\"0.7\";}s:8:\"subtotal\";a:1:{i:1;s:3:\"0.7\";}}'),(1029,142,'rate_id','1'),(1030,142,'label','VAT'),(1031,142,'compound','0'),(1032,142,'tax_amount','0.7'),(1033,142,'shipping_tax_amount','0'),(1034,143,'_qty','1'),(1035,143,'_tax_class',''),(1036,143,'_product_id','2544'),(1037,143,'_variation_id','0'),(1038,143,'_line_subtotal','2'),(1039,143,'_line_total','2'),(1040,143,'_line_subtotal_tax','0.28'),(1041,143,'_line_tax','0.28'),(1042,143,'_line_tax_data','a:2:{s:5:\"total\";a:1:{i:1;s:4:\"0.28\";}s:8:\"subtotal\";a:1:{i:1;s:4:\"0.28\";}}'),(1043,143,'_has_trial','true'),(1044,144,'rate_id','1'),(1045,144,'label','VAT'),(1046,144,'compound','0'),(1047,144,'tax_amount','0.28'),(1048,144,'shipping_tax_amount','0'),(1049,2547,'_woocs_order_rate','1'),(1050,2547,'_woocs_order_base_currency','ZAR'),(1051,2547,'_woocs_order_currency_changed_mannualy','0'),(1052,145,'_qty','1'),(1053,145,'_tax_class',''),(1054,145,'_product_id','852'),(1055,145,'_variation_id','0'),(1056,145,'_line_subtotal','1.5'),(1057,145,'_line_total','1.5'),(1058,145,'_line_subtotal_tax','0.21'),(1059,145,'_line_tax','0.21'),(1060,145,'_line_tax_data','a:2:{s:5:\"total\";a:1:{i:1;s:4:\"0.21\";}s:8:\"subtotal\";a:1:{i:1;s:4:\"0.21\";}}'),(1061,145,'_has_trial','true'),(1062,146,'rate_id','1'),(1063,146,'label','VAT'),(1064,146,'compound','0'),(1065,146,'tax_amount','0.21'),(1066,146,'shipping_tax_amount','0'),(1067,147,'_qty','1'),(1068,147,'_tax_class',''),(1069,147,'_product_id','2544'),(1070,147,'_variation_id','0'),(1071,147,'_line_subtotal','2'),(1072,147,'_line_total','2'),(1073,147,'_line_subtotal_tax','0.28'),(1074,147,'_line_tax','0.28'),(1075,147,'_line_tax_data','a:2:{s:5:\"total\";a:1:{i:1;s:4:\"0.28\";}s:8:\"subtotal\";a:1:{i:1;s:4:\"0.28\";}}'),(1076,147,'_has_trial','true'),(1077,148,'rate_id','1'),(1078,148,'label','VAT'),(1079,148,'compound','0'),(1080,148,'tax_amount','0.28'),(1081,148,'shipping_tax_amount','0');

--
-- Table structure for table `wp_woocommerce_order_items`
--

CREATE TABLE `wp_woocommerce_order_items` (
  `order_item_id` bigint(20) NOT NULL AUTO_INCREMENT,
  `order_item_name` longtext COLLATE utf8mb4_unicode_ci NOT NULL,
  `order_item_type` varchar(200) COLLATE utf8mb4_unicode_ci NOT NULL DEFAULT '',
  `order_id` bigint(20) NOT NULL,
  PRIMARY KEY (`order_item_id`),
  KEY `order_id` (`order_id`)
) ENGINE=MyISAM AUTO_INCREMENT=149 DEFAULT CHARSET=utf8mb4 COLLATE=utf8mb4_unicode_ci;

--
-- Dumping data for table `wp_woocommerce_order_items`
--

INSERT INTO `wp_woocommerce_order_items` VALUES (1,'Pro Membership','line_item',636),(2,'Free Membership','line_item',1934),(3,'Free Membership','line_item',1969),(4,'Pro+ Trade Spotter','line_item',1975),(5,'ZA-VAT-1','tax',1975),(6,'Pro+ Trade Spotter','line_item',1976),(7,'ZA-VAT-1','tax',1976),(8,'Pro+ Trade Spotter','line_item',1977),(9,'ZA-VAT-1','tax',1977),(10,'Pro+ Trade Spotter','line_item',1978),(11,'ZA-VAT-1','tax',1978),(12,'Free Membership','line_item',2018),(13,'Free Membership','line_item',2023),(14,'Free Membership','line_item',2024),(15,'Free Membership','line_item',2026),(25,'ZA-VAT-1','tax',2028),(18,'Pro+ Trade Spotter','line_item',2029),(19,'ZA-VAT-1','tax',2029),(24,'Pro+ Trade Spotter','line_item',2028),(22,'Pro+ Trade Spotter','line_item',2030),(23,'ZA-VAT-1','tax',2030),(26,'Pro+ Trade Spotter','line_item',2031),(27,'ZA-VAT-1','tax',2031),(32,'Pro Membership','line_item',2032),(30,'Pro Membership','line_item',2033),(31,'ZA-VAT-1','tax',2033),(33,'ZA-VAT-1','tax',2032),(34,'Pro Membership','line_item',2034),(35,'ZA-VAT-1','tax',2034),(36,'Free Membership','line_item',2035),(37,'Pro+ Trade Spotter','line_item',2037),(38,'ZA-VAT-1','tax',2037),(39,'Pro+ Trade Spotter','line_item',2038),(40,'ZA-VAT-1','tax',2038),(41,'Pro+ Trade Spotter','line_item',2040),(42,'ZA-VAT-1','tax',2040),(43,'Pro+ Trade Spotter','line_item',2041),(44,'ZA-VAT-1','tax',2041),(45,'Pro+ Trade Spotter','line_item',2150),(46,'ZA-VAT-1','tax',2150),(47,'Pro+ Trade Spotter','line_item',2151),(48,'ZA-VAT-1','tax',2151),(49,'Live test 14 Oct','line_item',2166),(50,'ZA-VAT-1','tax',2166),(51,'Pro Membership','line_item',2167),(52,'ZA-VAT-1','tax',2167),(53,'Pro Membership','line_item',2168),(54,'ZA-VAT-1','tax',2168),(55,'Live test 14 Oct','line_item',2174),(56,'ZA-VAT-1','tax',2174),(57,'Live test 14 Oct','line_item',2182),(58,'ZA-VAT-1','tax',2182),(59,'Live test 14 Oct','line_item',2183),(60,'ZA-VAT-1','tax',2183),(61,'Free Membership','line_item',2184),(62,'Live test 14 Oct','line_item',2188),(63,'ZA-VAT-1','tax',2188),(64,'Free Membership','line_item',2203),(65,'Live test 14 Oct','line_item',2205),(66,'ZA-VAT-1','tax',2205),(67,'Live test 14 Oct','line_item',2231),(68,'ZA-VAT-1','tax',2231),(69,'Live test 14 Oct','line_item',2234),(70,'ZA-VAT-1','tax',2234),(71,'Live test 14 Oct','line_item',2238),(72,'ZA-VAT-1','tax',2238),(73,'Peach test','line_item',2246),(74,'ZA-VAT-1','tax',2246),(75,'peach test','coupon',2246),(76,'Live test 14 Oct','line_item',2247),(77,'ZA-VAT-1','tax',2247),(80,'Test 2 20 Oct','line_item',2253),(81,'ZA-VAT-1','tax',2253),(82,'Test 2 20 Oct','line_item',2254),(83,'ZA-VAT-1','tax',2254),(84,'Free Membership','line_item',2255),(90,'ZA-VAT-1','tax',2257),(89,'Test 2 20 Oct','line_item',2257),(91,'Peach test','line_item',2259),(92,'ZA-VAT-1','tax',2259),(93,'Test 2 20 Oct','line_item',2266),(94,'ZA-VAT-1','tax',2266),(95,'Test 2 20 Oct','line_item',2268),(96,'ZA-VAT-1','tax',2268),(97,'Pro+ Trade Spotter','line_item',2270),(98,'ZA-VAT-1','tax',2270),(99,'Pro+ Trade Spotter','line_item',2271),(100,'ZA-VAT-1','tax',2271),(101,'Pro Membership','line_item',2278),(102,'ZA-VAT-1','tax',2278),(103,'Free Membership','line_item',2320),(104,'Free Membership','line_item',2345),(107,'Test Payment 27 Oct','line_item',2347),(108,'ZA-VAT-1','tax',2347),(109,'Test Payment 27 Oct','line_item',2348),(110,'ZA-VAT-1','tax',2348),(111,'Test Payment 27 Oct','line_item',2377),(112,'ZA-VAT-1','tax',2377),(113,'Test Payment 27 Oct','line_item',2390),(114,'ZA-VAT-1','tax',2390),(115,'Test Payment 27 Oct','line_item',2391),(116,'ZA-VAT-1','tax',2391),(117,'Test Payment 27 Oct','line_item',2392),(118,'ZA-VAT-1','tax',2392),(119,'Test Payment 27 Oct','line_item',2393),(120,'ZA-VAT-1','tax',2393),(121,'Test Payment 27 Oct','line_item',2394),(122,'ZA-VAT-1','tax',2394),(123,'Test Payment 27 Oct','line_item',2395),(124,'ZA-VAT-1','tax',2395),(125,'Test Payment 27 Oct','line_item',2398),(126,'ZA-VAT-1','tax',2398),(127,'Test Payment 27 Oct','line_item',2400),(128,'ZA-VAT-1','tax',2400),(129,'Test Payment 27 Oct','line_item',2401),(130,'ZA-VAT-1','tax',2401),(131,'Test Payment 27 Oct','line_item',2408),(132,'ZA-VAT-1','tax',2408),(133,'Test Payment 27 Oct','line_item',2409),(134,'ZA-VAT-1','tax',2409),(135,'Test Payment 27 Oct','line_item',2413),(136,'ZA-VAT-1','tax',2413),(137,'Test Payment 27 Oct','line_item',2539),(138,'ZA-VAT-1','tax',2539),(139,'Test Payment 27 Oct','line_item',2542),(140,'ZA-VAT-1','tax',2542),(141,'Test Recurring Payment 22Nov','line_item',2547),(142,'ZA-VAT-1','tax',2547),(143,'Test Recurring Payment 22Nov','line_item',2548),(144,'ZA-VAT-1','tax',2548),(145,'Pro+ Trade Spotter','line_item',2795),(146,'ZA-VAT-1','tax',2795),(147,'Test Recurring Payment 22Nov','line_item',2798),(148,'ZA-VAT-1','tax',2798);

--
-- Table structure for table `wp_woocommerce_tax_rate_locations`
--

CREATE TABLE `wp_woocommerce_tax_rate_locations` (
  `location_id` bigint(20) NOT NULL AUTO_INCREMENT,
  `location_code` varchar(255) COLLATE utf8mb4_unicode_ci NOT NULL,
  `tax_rate_id` bigint(20) NOT NULL,
  `location_type` varchar(40) COLLATE utf8mb4_unicode_ci NOT NULL,
  PRIMARY KEY (`location_id`),
  KEY `tax_rate_id` (`tax_rate_id`),
  KEY `location_type` (`location_type`),
  KEY `location_type_code` (`location_type`,`location_code`(90))
) ENGINE=MyISAM DEFAULT CHARSET=utf8mb4 COLLATE=utf8mb4_unicode_ci;

--
-- Dumping data for table `wp_woocommerce_tax_rate_locations`
--


--
-- Table structure for table `wp_woocommerce_tax_rates`
--

CREATE TABLE `wp_woocommerce_tax_rates` (
  `tax_rate_id` bigint(20) NOT NULL AUTO_INCREMENT,
  `tax_rate_country` varchar(200) COLLATE utf8mb4_unicode_ci NOT NULL DEFAULT '',
  `tax_rate_state` varchar(200) COLLATE utf8mb4_unicode_ci NOT NULL DEFAULT '',
  `tax_rate` varchar(200) COLLATE utf8mb4_unicode_ci NOT NULL DEFAULT '',
  `tax_rate_name` varchar(200) COLLATE utf8mb4_unicode_ci NOT NULL DEFAULT '',
  `tax_rate_priority` bigint(20) NOT NULL,
  `tax_rate_compound` int(1) NOT NULL DEFAULT '0',
  `tax_rate_shipping` int(1) NOT NULL DEFAULT '1',
  `tax_rate_order` bigint(20) NOT NULL,
  `tax_rate_class` varchar(200) COLLATE utf8mb4_unicode_ci NOT NULL DEFAULT '',
  PRIMARY KEY (`tax_rate_id`),
  KEY `tax_rate_country` (`tax_rate_country`),
  KEY `tax_rate_state` (`tax_rate_state`),
  KEY `tax_rate_class` (`tax_rate_class`),
  KEY `tax_rate_priority` (`tax_rate_priority`)
) ENGINE=MyISAM AUTO_INCREMENT=2 DEFAULT CHARSET=utf8mb4 COLLATE=utf8mb4_unicode_ci;

--
-- Dumping data for table `wp_woocommerce_tax_rates`
--

INSERT INTO `wp_woocommerce_tax_rates` VALUES (1,'ZA','','14.0000','VAT',1,0,0,0,'');

--
-- Table structure for table `wp_woocommerce_termmeta`
--

CREATE TABLE `wp_woocommerce_termmeta` (
  `meta_id` bigint(20) NOT NULL AUTO_INCREMENT,
  `woocommerce_term_id` bigint(20) NOT NULL,
  `meta_key` varchar(255) COLLATE utf8mb4_unicode_ci DEFAULT NULL,
  `meta_value` longtext COLLATE utf8mb4_unicode_ci,
  PRIMARY KEY (`meta_id`),
  KEY `woocommerce_term_id` (`woocommerce_term_id`),
  KEY `meta_key` (`meta_key`(250))
) ENGINE=MyISAM AUTO_INCREMENT=5 DEFAULT CHARSET=utf8mb4 COLLATE=utf8mb4_unicode_ci;

--
-- Dumping data for table `wp_woocommerce_termmeta`
--

INSERT INTO `wp_woocommerce_termmeta` VALUES (1,86,'order','0'),(2,86,'display_type','products'),(3,86,'thumbnail_id','0'),(4,86,'product_count_product_cat','4');

--
-- Table structure for table `wp_wpsp_agent_settings`
--

CREATE TABLE `wp_wpsp_agent_settings` (
  `id` int(11) NOT NULL AUTO_INCREMENT,
  `agent_id` int(11) DEFAULT NULL,
  `signature` longtext CHARACTER SET utf8,
  PRIMARY KEY (`id`)
) ENGINE=MyISAM AUTO_INCREMENT=3 DEFAULT CHARSET=utf8 COLLATE=utf8_unicode_ci;

--
-- Dumping data for table `wp_wpsp_agent_settings`
--

INSERT INTO `wp_wpsp_agent_settings` VALUES (1,6,''),(2,1,'Josua');

--
-- Table structure for table `wp_wpsp_attachments`
--

CREATE TABLE `wp_wpsp_attachments` (
  `id` int(11) NOT NULL AUTO_INCREMENT,
  `filename` tinytext CHARACTER SET utf8,
  `filetype` tinytext CHARACTER SET utf8,
  `filepath` tinytext CHARACTER SET utf8,
  `fileurl` tinytext CHARACTER SET utf8,
  PRIMARY KEY (`id`)
) ENGINE=MyISAM DEFAULT CHARSET=utf8 COLLATE=utf8_unicode_ci;

--
-- Dumping data for table `wp_wpsp_attachments`
--


--
-- Table structure for table `wp_wpsp_catagories`
--

CREATE TABLE `wp_wpsp_catagories` (
  `id` int(11) NOT NULL AUTO_INCREMENT,
  `name` tinytext CHARACTER SET utf8,
  PRIMARY KEY (`id`)
) ENGINE=MyISAM AUTO_INCREMENT=6 DEFAULT CHARSET=utf8 COLLATE=utf8_unicode_ci;

--
-- Dumping data for table `wp_wpsp_catagories`
--

INSERT INTO `wp_wpsp_catagories` VALUES (1,'General'),(2,'Training Modules'),(3,'Trade SpoTTer Updates'),(4,'General'),(5,'Log In Problems');

--
-- Table structure for table `wp_wpsp_ticket`
--

CREATE TABLE `wp_wpsp_ticket` (
  `id` int(11) NOT NULL AUTO_INCREMENT,
  `subject` tinytext CHARACTER SET utf8,
  `created_by` int(11) DEFAULT NULL,
  `guest_name` tinytext CHARACTER SET utf8,
  `guest_email` tinytext CHARACTER SET utf8,
  `type` tinytext CHARACTER SET utf8,
  `status` tinytext CHARACTER SET utf8,
  `cat_id` int(11) DEFAULT NULL,
  `create_time` datetime DEFAULT NULL,
  `update_time` datetime DEFAULT NULL,
  `priority` tinytext CHARACTER SET utf8,
  PRIMARY KEY (`id`)
) ENGINE=MyISAM AUTO_INCREMENT=4 DEFAULT CHARSET=utf8 COLLATE=utf8_unicode_ci;

--
-- Dumping data for table `wp_wpsp_ticket`
--

INSERT INTO `wp_wpsp_ticket` VALUES (1,'login',6,'','','user','open',2,'2015-08-31 19:06:45','2015-08-31 19:06:45','medium'),(2,'nuwe lede aansluit',1,'','','user','open',5,'2015-08-31 19:18:06','2015-08-31 19:18:06','normal'),(3,'nuwe lede aansluit kostes',0,'Josua','jecolyn@intekom.co.za','guest','open',5,'2015-08-31 19:32:11','2015-08-31 19:32:11','high');

--
-- Table structure for table `wp_wpsp_ticket_thread`
--

CREATE TABLE `wp_wpsp_ticket_thread` (
  `id` int(11) NOT NULL AUTO_INCREMENT,
  `ticket_id` int(11) DEFAULT NULL,
  `body` longtext CHARACTER SET utf8,
  `attachment_ids` tinytext CHARACTER SET utf8,
  `create_time` datetime DEFAULT NULL,
  `created_by` int(11) DEFAULT NULL,
  `guest_name` tinytext CHARACTER SET utf8,
  `guest_email` tinytext CHARACTER SET utf8,
  PRIMARY KEY (`id`)
) ENGINE=MyISAM AUTO_INCREMENT=4 DEFAULT CHARSET=utf8 COLLATE=utf8_unicode_ci;

--
-- Dumping data for table `wp_wpsp_ticket_thread`
--

INSERT INTO `wp_wpsp_ticket_thread` VALUES (1,1,'problem with','','2015-08-31 19:06:45',6,'',''),(2,2,'probleme om te skep','','2015-08-31 19:18:06',1,'',''),(3,3,'nuwe lede aansluit kostes','','2015-08-31 19:32:11',0,'Josua','jecolyn@intekom.co.za');


